{"id":10524,"date":"2026-01-27T19:43:12","date_gmt":"2026-01-27T18:43:12","guid":{"rendered":"https:\/\/archathle.ovh\/?page_id=10524"},"modified":"2026-01-31T10:52:52","modified_gmt":"2026-01-31T09:52:52","slug":"descente-de-la-lesse-2025","status":"publish","type":"page","link":"https:\/\/archathle.eu\/index.php\/descente-de-la-lesse-2025\/","title":{"rendered":"Descente de la Lesse 2025"},"content":{"rendered":"\t\t<div data-elementor-type=\"wp-page\" data-elementor-id=\"10524\" class=\"elementor elementor-10524\">\n\t\t\t\t<div class=\"elementor-element elementor-element-32de261d e-flex e-con-boxed e-con e-parent\" data-id=\"32de261d\" data-element_type=\"container\" data-e-type=\"container\">\n\t\t\t\t\t<div class=\"e-con-inner\">\n\t\t\t\t<div class=\"elementor-element elementor-element-7c1b247 elementor-widget elementor-widget-text-editor\" data-id=\"7c1b247\" data-element_type=\"widget\" data-e-type=\"widget\" data-widget_type=\"text-editor.default\">\n\t\t\t\t<div class=\"elementor-widget-container\">\n\t\t\t\t\t\t\t\t\t<div>\n<h3>Retour sur l\u2019\u00e9dition 2025<\/h3>\n<p><strong>Am\u00e9lie, Aline, Aleksander et Cyril vainqueurs de cette 44\u00e8me !<\/strong><\/p>\n<p><a href=\"https:\/\/www.acn-timing.com\/?lng=FR#\/events\/2157860289045582\/ctx\/20250831_delhalle\/cms\/CAP\">Les r\u00e9sultats ICI<\/a><\/p>\n<p>P<a href=\"https:\/\/www.flickr.com\/photos\/145090962@N07\/albums\">hotos d\u2019Albert DF<\/a> \u2013 <a href=\"https:\/\/www.matele.be\/amelie-bihain-remporte-une-4eme-descente-de-la-lesse-sur-le-fil?fbclid=IwY2xjawMiz99leHRuA2FlbQIxMQABHmEwFIG_prs2IPHD6XZqFiMW5mXxnNiOpD9atK6aKTjrDLxfToUwKuJm8BCX_aem_LxF8KfkAfdn4zGLvpNratw\">Reportage de Ma T\u00e9l\u00e9<\/a>\u00a0<\/p>\n<p>Am\u00e9lie Bihain remporte une 4\u00e8me Descente de la Lesse sur le fil (Ma T\u00e9l\u00e9)<\/p>\n<p class=\"accroche\">L\u2019Arch\u00e8re s\u2019impose chez les dames sur le 20 km, devant Valentine Mathy.<\/p>\n<p><img decoding=\"async\" src=\"https:\/\/www.archathle.eu\/images\/lesse\/2025\/descente-lesse-2025-0189.jpeg\" alt=\"descente lesse 2025 0189\" \/><\/p>\n<p class=\"accroche\">L\u2019Erythr\u00e9en Aleksander Tekleweld gagne le scratch.<\/p>\n<div class=\"description\">\n<p>C\u2019est assur\u00e9ment l\u2019image de cette 44\u00e8me descente de la Lesse, organis\u00e9e par l\u2019ARCH! Chez les dames, Am\u00e9lie Bihain devance Valentine Mathy de sept petites secondes sur le 20 km. La Natoyenne d\u2019origine bat son record personnel (1h19\u201946\u00a0\u00bb), elle a tout donn\u00e9 entre Houyet et Dinant. L\u2019Arch\u00e8re devient co-d\u00e9tentrice du record de victoires sur le 20 km de la descente de la Lesse.<\/p>\n<p>Deuxi\u00e8me, Valentine Mathy, \u00e9galement affili\u00e9e \u00e0 l\u2019ARCH, pulv\u00e9rise elle aussi son record personnel dinantais.<\/p>\n<p>Chez les hommes, l\u2019Erythr\u00e9en Aleksander Tekleweld remet le couvert apr\u00e8s sa victoire en 2024. Son temps: 1h09\u201918\u00a0\u00bb. Il rel\u00e8gue le Braban\u00e7on Romain Paul \u00e0 2\u201930\u00a0\u00bb.<img decoding=\"async\" src=\"https:\/\/www.matele.be\/uploads\/images\/IMG_2658.JPG\" alt=\"\" width=\"NaN\" height=\"70\" \/><\/p>\n<p>Quatri\u00e8me, l\u2019Hasti\u00e8rois Florian Howet termine 1er r\u00e9gional.<\/p>\n<p>La Descente de la Lesse a attir\u00e9 1000 coureurs sur le 20 km, 450 sur le 12 km, remport\u00e9 par les Archers Cyril Houtart et Aline G\u00e9rardy. (copyright Ma T\u00e9l\u00e9)<\/p>\n<\/div>\n<\/div>\t\t\t\t\t\t\t\t<\/div>\n\t\t\t\t<\/div>\n\t\t\t\t\t<\/div>\n\t\t\t\t<\/div>\n\t\t\t\t<\/div>\n\t\t","protected":false},"excerpt":{"rendered":"<p>Retour sur l\u2019\u00e9dition 2025 Am\u00e9lie, Aline, Aleksander et Cyril vainqueurs de cette 44\u00e8me ! Les r\u00e9sultats ICI Photos d\u2019Albert DF \u2013 Reportage de Ma T\u00e9l\u00e9\u00a0 Am\u00e9lie Bihain remporte une 4\u00e8me Descente de la Lesse sur le fil (Ma T\u00e9l\u00e9) L\u2019Arch\u00e8re s\u2019impose chez les dames sur le 20 km, devant Valentine Mathy. L\u2019Erythr\u00e9en Aleksander Tekleweld gagne [&hellip;]<\/p>\n","protected":false},"author":1,"featured_media":0,"parent":0,"menu_order":0,"comment_status":"closed","ping_status":"closed","template":"","meta":{"footnotes":""},"class_list":["post-10524","page","type-page","status-publish","hentry"],"_links":{"self":[{"href":"https:\/\/archathle.eu\/index.php\/wp-json\/wp\/v2\/pages\/10524","targetHints":{"allow":["GET"]}}],"collection":[{"href":"https:\/\/archathle.eu\/index.php\/wp-json\/wp\/v2\/pages"}],"about":[{"href":"https:\/\/archathle.eu\/index.php\/wp-json\/wp\/v2\/types\/page"}],"author":[{"embeddable":true,"href":"https:\/\/archathle.eu\/index.php\/wp-json\/wp\/v2\/users\/1"}],"replies":[{"embeddable":true,"href":"https:\/\/archathle.eu\/index.php\/wp-json\/wp\/v2\/comments?post=10524"}],"version-history":[{"count":10,"href":"https:\/\/archathle.eu\/index.php\/wp-json\/wp\/v2\/pages\/10524\/revisions"}],"predecessor-version":[{"id":10893,"href":"https:\/\/archathle.eu\/index.php\/wp-json\/wp\/v2\/pages\/10524\/revisions\/10893"}],"wp:attachment":[{"href":"https:\/\/archathle.eu\/index.php\/wp-json\/wp\/v2\/media?parent=10524"}],"curies":[{"name":"wp","href":"https:\/\/api.w.org\/{rel}","templated":true}]}}