{"id":10540,"date":"2026-01-27T19:49:17","date_gmt":"2026-01-27T18:49:17","guid":{"rendered":"https:\/\/archathle.ovh\/?page_id=10540"},"modified":"2026-01-27T19:52:27","modified_gmt":"2026-01-27T18:52:27","slug":"descente-de-la-lesse-2023","status":"publish","type":"page","link":"https:\/\/archathle.eu\/index.php\/descente-de-la-lesse-2023\/","title":{"rendered":"Descente de la Lesse 2023"},"content":{"rendered":"\t\t<div data-elementor-type=\"wp-page\" data-elementor-id=\"10540\" class=\"elementor elementor-10540\">\n\t\t\t\t<div class=\"elementor-element elementor-element-32de261d e-flex e-con-boxed e-con e-parent\" data-id=\"32de261d\" data-element_type=\"container\" data-e-type=\"container\">\n\t\t\t\t\t<div class=\"e-con-inner\">\n\t\t\t\t<div class=\"elementor-element elementor-element-7c1b247 elementor-widget elementor-widget-text-editor\" data-id=\"7c1b247\" data-element_type=\"widget\" data-e-type=\"widget\" data-widget_type=\"text-editor.default\">\n\t\t\t\t<div class=\"elementor-widget-container\">\n\t\t\t\t\t\t\t\t\t<div>\n<div>\n<h2><a href=\"https:\/\/www.archathle.eu\/index.php\/16-news\/1033-plus-que-quelques-jours-pour-cette-42eme-lesse\">1051 inscrits et 962 arriv\u00e9es \u00e0 cette 42\u00e8me Lesse<\/a><\/h2>\n<p>Pierre Balty, Am\u00e9lie Bihain, Cyril Houtart et Alice H\u00e9rin vainqueurs d&rsquo;une belle 42\u00e8me.\u00a0<a href=\"https:\/\/prod.chronorace.be\/Classements\/ListeRapports.aspx?eventId=2158775117114148\">Les classements\u00a0<\/a>&#8230;.\u00a0<a href=\"https:\/\/youtu.be\/SYpGjO6w8xA\">Une video de Luc P<\/a>\u00a0\u00a0<a href=\"https:\/\/www.facebook.com\/Archathle\/videos\/852014879286146\">Replongez-vous dans l&rsquo;ambiance\u00a0!\u00a0<\/a>Ce qu&rsquo;en dit\u00a0<a href=\"https:\/\/www.facebook.com\/reel\/146414275174116\">Am\u00e9lie Bihain, l&rsquo;ARCH\u00e8re de coeur !<\/a>\u00a0<a href=\"https:\/\/www.facebook.com\/Archathle\/\">Vid\u00e9o de la course sur FB<\/a>\u00a0\u00a0\u00bb style=\u00a0\u00bbbox-sizing: border-box; background-color: transparent; color: rgb(90, 173, 221);\u00a0\u00bb&gt;Les photos de J et ADF\u00a0<a href=\"https:\/\/www.matele.be\/pierre-balty-un-nouveau-nom-au-palmares-de-la-descente-de-la-lesse?fbclid=IwAR0lluatRxvoYbeGNO6hdExwQSa2tRkv4Mth1B8LWHjR4b6t7s0tiSayyd4\">Le reportage de Mat\u00e9l\u00e9<\/a>\u00a0<a href=\"https:\/\/www.matele.be\/challenge-avec-paul-wilmet\">Challenge avec Paul W<\/a><\/p>\n<\/div>\n<\/div>\t\t\t\t\t\t\t\t<\/div>\n\t\t\t\t<\/div>\n\t\t\t\t\t<\/div>\n\t\t\t\t<\/div>\n\t\t\t\t<\/div>\n\t\t","protected":false},"excerpt":{"rendered":"<p>1051 inscrits et 962 arriv\u00e9es \u00e0 cette 42\u00e8me Lesse Pierre Balty, Am\u00e9lie Bihain, Cyril Houtart et Alice H\u00e9rin vainqueurs d&rsquo;une belle 42\u00e8me.\u00a0Les classements\u00a0&#8230;.\u00a0Une video de Luc P\u00a0\u00a0Replongez-vous dans l&rsquo;ambiance\u00a0!\u00a0Ce qu&rsquo;en dit\u00a0Am\u00e9lie Bihain, l&rsquo;ARCH\u00e8re de coeur !\u00a0Vid\u00e9o de la course sur FB\u00a0\u00a0\u00bb style=\u00a0\u00bbbox-sizing: border-box; background-color: transparent; color: rgb(90, 173, 221);\u00a0\u00bb&gt;Les photos de J et ADF\u00a0Le reportage [&hellip;]<\/p>\n","protected":false},"author":1,"featured_media":0,"parent":0,"menu_order":0,"comment_status":"closed","ping_status":"closed","template":"","meta":{"footnotes":""},"class_list":["post-10540","page","type-page","status-publish","hentry"],"_links":{"self":[{"href":"https:\/\/archathle.eu\/index.php\/wp-json\/wp\/v2\/pages\/10540","targetHints":{"allow":["GET"]}}],"collection":[{"href":"https:\/\/archathle.eu\/index.php\/wp-json\/wp\/v2\/pages"}],"about":[{"href":"https:\/\/archathle.eu\/index.php\/wp-json\/wp\/v2\/types\/page"}],"author":[{"embeddable":true,"href":"https:\/\/archathle.eu\/index.php\/wp-json\/wp\/v2\/users\/1"}],"replies":[{"embeddable":true,"href":"https:\/\/archathle.eu\/index.php\/wp-json\/wp\/v2\/comments?post=10540"}],"version-history":[{"count":3,"href":"https:\/\/archathle.eu\/index.php\/wp-json\/wp\/v2\/pages\/10540\/revisions"}],"predecessor-version":[{"id":10548,"href":"https:\/\/archathle.eu\/index.php\/wp-json\/wp\/v2\/pages\/10540\/revisions\/10548"}],"wp:attachment":[{"href":"https:\/\/archathle.eu\/index.php\/wp-json\/wp\/v2\/media?parent=10540"}],"curies":[{"name":"wp","href":"https:\/\/api.w.org\/{rel}","templated":true}]}}