{"id":11020,"date":"2026-02-13T13:55:15","date_gmt":"2026-02-13T12:55:15","guid":{"rendered":"https:\/\/archathle.ovh\/?page_id=11020"},"modified":"2026-02-21T11:50:55","modified_gmt":"2026-02-21T10:50:55","slug":"en-memoire-de-coco","status":"publish","type":"page","link":"https:\/\/archathle.eu\/index.php\/en-memoire-de-coco\/","title":{"rendered":"En m\u00e9moire de Coco"},"content":{"rendered":"\t\t<div data-elementor-type=\"wp-page\" data-elementor-id=\"11020\" class=\"elementor elementor-11020\">\n\t\t\t\t<div class=\"elementor-element elementor-element-32de261d e-flex e-con-boxed e-con e-parent\" data-id=\"32de261d\" data-element_type=\"container\" data-e-type=\"container\">\n\t\t\t\t\t<div class=\"e-con-inner\">\n\t\t\t\t<div class=\"elementor-element elementor-element-7c1b247 elementor-drop-cap-yes elementor-drop-cap-view-default elementor-widget elementor-widget-text-editor\" data-id=\"7c1b247\" data-element_type=\"widget\" data-e-type=\"widget\" data-settings=\"{&quot;drop_cap&quot;:&quot;yes&quot;}\" data-widget_type=\"text-editor.default\">\n\t\t\t\t<div class=\"elementor-widget-container\">\n\t\t\t\t\t\t\t\t\t<div class=\"entry-header\"><h2>Au revoir Coco : MERCI \u00e0 vous toutes et tous !<\/h2><\/div><div><p>Marylin, Caroline, Samu, Camille et Paul et toute la famille vous remercient de TOUT COEUR pour la magnifique c\u00e9r\u00e9monie que vous avez organis\u00e9e en hommage \u00e0 Coco. Merci de perp\u00e9tuer tout ce qu&rsquo;il a fait pendant 53 ans !\u00a0 &#8211; <a href=\"https:\/\/l.facebook.com\/l.php?u=https%3A%2F%2Fwww.flickr.com%2Fphotos%2F145090962%40N07%2Falbums%2F72177720330497071%3Ffbclid%3DIwZXh0bgNhZW0CMTEAc3J0YwZhcHBfaWQQMjIyMDM5MTc4ODIwMDg5MgABHqa3PmNb5IjI9DWrHIr4gaZ_l0vMMTt6evsOwTobSkUcza8xkDp7fi8-Ix2X_aem_R5MDYzBtI19Dro3hUuYHCA&amp;h=AT3NDuFOaoVESNe5KQn6kLJZXntt135uzovNYfux3Kt9dIKrwMAB5f9VD_CWUI2it12sUvAk-s02LSWEniPkgQtdmA6PP-ixtjWw6MtTwtAhgSmVKwvlqLwT6eYmua2k2qoNbz7cZ9-C9CWy95edH8ru0DH_nA&amp;__tn__=H-R&amp;c[0]=AT0eTCbl8ojFYfTf2a5S8y4jGAvG9vzZC-hvNT4kYRQhP8FgO99Cvz7rLF3CW6j0InHXu8H2adqsn15xYGetmBnZo7MDjlNtEAPvqlf8Mfymo0g9J0h9rf4Dl5gawVh7HwzQmNVazR5aRiGWu3ukczwsk0CSONVGYqQIersEN8DSX5jt2GsyYMeragenMq8fN70WJvshW8GJcfcxpcCMLpcUZA\"><span style=\"text-decoration: underline;\"><strong>Album photos d&rsquo;Albert DF<\/strong><\/span><\/a>\u00a0&#8211; <a href=\"https:\/\/www.facebook.com\/reel\/1165044839068320\"><span style=\"text-decoration: underline;\"><strong>Reportage de Ma T\u00e9l\u00e9<\/strong> <\/span><\/a>&#8211; <a href=\"https:\/\/www.facebook.com\/reel\/2331106654014048\"><span style=\"text-decoration: underline;\"><strong>Video Coco &#8211; <\/strong><\/span><\/a><a href=\"https:\/\/archathle.ovh\/wp-content\/uploads\/2026\/02\/temoignanges-et-discours-Coco.pdf\"><span style=\"text-decoration: underline;\">T\u00e9moignages et discours &#8211; Article Zatopek ci-dessous<\/span><\/a><\/p><\/div>\t\t\t\t\t\t\t\t<\/div>\n\t\t\t\t<\/div>\n\t\t\t\t<div class=\"elementor-element elementor-element-e58a4f1 elementor-widget elementor-widget-image-gallery\" data-id=\"e58a4f1\" data-element_type=\"widget\" data-e-type=\"widget\" data-widget_type=\"image-gallery.default\">\n\t\t\t\t<div class=\"elementor-widget-container\">\n\t\t\t\t\t\t\t<div class=\"elementor-image-gallery\">\n\t\t\t\n\t\t<style type=\"text\/css\">\n\t\t\t#gallery-1 {\n\t\t\t\tmargin: auto;\n\t\t\t}\n\t\t\t#gallery-1 .gallery-item {\n\t\t\t\tfloat: left;\n\t\t\t\tmargin-top: 10px;\n\t\t\t\ttext-align: center;\n\t\t\t\twidth: 25%;\n\t\t\t}\n\t\t\t#gallery-1 img {\n\t\t\t\tborder: 2px solid #cfcfcf;\n\t\t\t}\n\t\t\t#gallery-1 .gallery-caption {\n\t\t\t\tmargin-left: 0;\n\t\t\t}\n\t\t\t\/* see gallery_shortcode() in wp-includes\/media.php *\/\n\t\t<\/style>\n\t\t<div id='gallery-1' class='gallery galleryid-11020 gallery-columns-4 gallery-size-medium_large'><dl class='gallery-item'>\n\t\t\t<dt class='gallery-icon landscape'>\n\t\t\t\t<a data-elementor-open-lightbox=\"yes\" data-elementor-lightbox-slideshow=\"e58a4f1\" data-elementor-lightbox-title=\"54940711497_0361bb40b2_c\" data-e-action-hash=\"#elementor-action%3Aaction%3Dlightbox%26settings%3DeyJpZCI6MTEwMjMsInVybCI6Imh0dHBzOlwvXC9hcmNoYXRobGUuZXVcL3dwLWNvbnRlbnRcL3VwbG9hZHNcLzIwMjZcLzAyXC81NDk0MDcxMTQ5N18wMzYxYmI0MGIyX2MuanBnIiwic2xpZGVzaG93IjoiZTU4YTRmMSJ9\" href='https:\/\/archathle.eu\/wp-content\/uploads\/2026\/02\/54940711497_0361bb40b2_c.jpg'><img fetchpriority=\"high\" decoding=\"async\" width=\"768\" height=\"511\" src=\"https:\/\/archathle.eu\/wp-content\/uploads\/2026\/02\/54940711497_0361bb40b2_c-768x511.jpg\" class=\"attachment-medium_large size-medium_large\" alt=\"\" srcset=\"https:\/\/archathle.eu\/wp-content\/uploads\/2026\/02\/54940711497_0361bb40b2_c-768x511.jpg 768w, https:\/\/archathle.eu\/wp-content\/uploads\/2026\/02\/54940711497_0361bb40b2_c-300x200.jpg 300w, https:\/\/archathle.eu\/wp-content\/uploads\/2026\/02\/54940711497_0361bb40b2_c.jpg 800w\" sizes=\"(max-width: 768px) 100vw, 768px\" \/><\/a>\n\t\t\t<\/dt><\/dl><dl class='gallery-item'>\n\t\t\t<dt class='gallery-icon landscape'>\n\t\t\t\t<a data-elementor-open-lightbox=\"yes\" data-elementor-lightbox-slideshow=\"e58a4f1\" data-elementor-lightbox-title=\"54940711567_d49591caf1_c\" data-e-action-hash=\"#elementor-action%3Aaction%3Dlightbox%26settings%3DeyJpZCI6MTEwMjQsInVybCI6Imh0dHBzOlwvXC9hcmNoYXRobGUuZXVcL3dwLWNvbnRlbnRcL3VwbG9hZHNcLzIwMjZcLzAyXC81NDk0MDcxMTU2N19kNDk1OTFjYWYxX2MuanBnIiwic2xpZGVzaG93IjoiZTU4YTRmMSJ9\" href='https:\/\/archathle.eu\/wp-content\/uploads\/2026\/02\/54940711567_d49591caf1_c.jpg'><img decoding=\"async\" width=\"768\" height=\"510\" src=\"https:\/\/archathle.eu\/wp-content\/uploads\/2026\/02\/54940711567_d49591caf1_c-768x510.jpg\" class=\"attachment-medium_large size-medium_large\" alt=\"\" srcset=\"https:\/\/archathle.eu\/wp-content\/uploads\/2026\/02\/54940711567_d49591caf1_c-768x510.jpg 768w, https:\/\/archathle.eu\/wp-content\/uploads\/2026\/02\/54940711567_d49591caf1_c-300x199.jpg 300w, https:\/\/archathle.eu\/wp-content\/uploads\/2026\/02\/54940711567_d49591caf1_c.jpg 800w\" sizes=\"(max-width: 768px) 100vw, 768px\" \/><\/a>\n\t\t\t<\/dt><\/dl><dl class='gallery-item'>\n\t\t\t<dt class='gallery-icon landscape'>\n\t\t\t\t<a data-elementor-open-lightbox=\"yes\" data-elementor-lightbox-slideshow=\"e58a4f1\" data-elementor-lightbox-title=\"54940713092_7bfb9b5c82_c\" data-e-action-hash=\"#elementor-action%3Aaction%3Dlightbox%26settings%3DeyJpZCI6MTEwMjYsInVybCI6Imh0dHBzOlwvXC9hcmNoYXRobGUuZXVcL3dwLWNvbnRlbnRcL3VwbG9hZHNcLzIwMjZcLzAyXC81NDk0MDcxMzA5Ml83YmZiOWI1YzgyX2MuanBnIiwic2xpZGVzaG93IjoiZTU4YTRmMSJ9\" href='https:\/\/archathle.eu\/wp-content\/uploads\/2026\/02\/54940713092_7bfb9b5c82_c.jpg'><img decoding=\"async\" width=\"768\" height=\"513\" src=\"https:\/\/archathle.eu\/wp-content\/uploads\/2026\/02\/54940713092_7bfb9b5c82_c-768x513.jpg\" class=\"attachment-medium_large size-medium_large\" alt=\"\" srcset=\"https:\/\/archathle.eu\/wp-content\/uploads\/2026\/02\/54940713092_7bfb9b5c82_c-768x513.jpg 768w, https:\/\/archathle.eu\/wp-content\/uploads\/2026\/02\/54940713092_7bfb9b5c82_c-300x201.jpg 300w, https:\/\/archathle.eu\/wp-content\/uploads\/2026\/02\/54940713092_7bfb9b5c82_c.jpg 799w\" sizes=\"(max-width: 768px) 100vw, 768px\" \/><\/a>\n\t\t\t<\/dt><\/dl><dl class='gallery-item'>\n\t\t\t<dt class='gallery-icon landscape'>\n\t\t\t\t<a data-elementor-open-lightbox=\"yes\" data-elementor-lightbox-slideshow=\"e58a4f1\" data-elementor-lightbox-title=\"54940713177_47e51e2366_z\" data-e-action-hash=\"#elementor-action%3Aaction%3Dlightbox%26settings%3DeyJpZCI6MTEwMjcsInVybCI6Imh0dHBzOlwvXC9hcmNoYXRobGUuZXVcL3dwLWNvbnRlbnRcL3VwbG9hZHNcLzIwMjZcLzAyXC81NDk0MDcxMzE3N180N2U1MWUyMzY2X3ouanBnIiwic2xpZGVzaG93IjoiZTU4YTRmMSJ9\" href='https:\/\/archathle.eu\/wp-content\/uploads\/2026\/02\/54940713177_47e51e2366_z.jpg'><img loading=\"lazy\" decoding=\"async\" width=\"640\" height=\"425\" src=\"https:\/\/archathle.eu\/wp-content\/uploads\/2026\/02\/54940713177_47e51e2366_z.jpg\" class=\"attachment-medium_large size-medium_large\" alt=\"\" srcset=\"https:\/\/archathle.eu\/wp-content\/uploads\/2026\/02\/54940713177_47e51e2366_z.jpg 640w, https:\/\/archathle.eu\/wp-content\/uploads\/2026\/02\/54940713177_47e51e2366_z-300x199.jpg 300w\" sizes=\"(max-width: 640px) 100vw, 640px\" \/><\/a>\n\t\t\t<\/dt><\/dl><br style=\"clear: both\" \/><dl class='gallery-item'>\n\t\t\t<dt class='gallery-icon landscape'>\n\t\t\t\t<a data-elementor-open-lightbox=\"yes\" data-elementor-lightbox-slideshow=\"e58a4f1\" data-elementor-lightbox-title=\"54940713662_afb0de5a5d_c\" data-e-action-hash=\"#elementor-action%3Aaction%3Dlightbox%26settings%3DeyJpZCI6MTEwMjgsInVybCI6Imh0dHBzOlwvXC9hcmNoYXRobGUuZXVcL3dwLWNvbnRlbnRcL3VwbG9hZHNcLzIwMjZcLzAyXC81NDk0MDcxMzY2Ml9hZmIwZGU1YTVkX2MuanBnIiwic2xpZGVzaG93IjoiZTU4YTRmMSJ9\" href='https:\/\/archathle.eu\/wp-content\/uploads\/2026\/02\/54940713662_afb0de5a5d_c.jpg'><img loading=\"lazy\" decoding=\"async\" width=\"768\" height=\"513\" src=\"https:\/\/archathle.eu\/wp-content\/uploads\/2026\/02\/54940713662_afb0de5a5d_c-768x513.jpg\" class=\"attachment-medium_large size-medium_large\" alt=\"\" srcset=\"https:\/\/archathle.eu\/wp-content\/uploads\/2026\/02\/54940713662_afb0de5a5d_c-768x513.jpg 768w, https:\/\/archathle.eu\/wp-content\/uploads\/2026\/02\/54940713662_afb0de5a5d_c-300x201.jpg 300w, https:\/\/archathle.eu\/wp-content\/uploads\/2026\/02\/54940713662_afb0de5a5d_c.jpg 799w\" sizes=\"(max-width: 768px) 100vw, 768px\" \/><\/a>\n\t\t\t<\/dt><\/dl><dl class='gallery-item'>\n\t\t\t<dt class='gallery-icon landscape'>\n\t\t\t\t<a data-elementor-open-lightbox=\"yes\" data-elementor-lightbox-slideshow=\"e58a4f1\" data-elementor-lightbox-title=\"54941585551_29c97f00c9_c\" data-e-action-hash=\"#elementor-action%3Aaction%3Dlightbox%26settings%3DeyJpZCI6MTEwMjksInVybCI6Imh0dHBzOlwvXC9hcmNoYXRobGUuZXVcL3dwLWNvbnRlbnRcL3VwbG9hZHNcLzIwMjZcLzAyXC81NDk0MTU4NTU1MV8yOWM5N2YwMGM5X2MuanBnIiwic2xpZGVzaG93IjoiZTU4YTRmMSJ9\" href='https:\/\/archathle.eu\/wp-content\/uploads\/2026\/02\/54941585551_29c97f00c9_c.jpg'><img loading=\"lazy\" decoding=\"async\" width=\"768\" height=\"510\" src=\"https:\/\/archathle.eu\/wp-content\/uploads\/2026\/02\/54941585551_29c97f00c9_c-768x510.jpg\" class=\"attachment-medium_large size-medium_large\" alt=\"\" srcset=\"https:\/\/archathle.eu\/wp-content\/uploads\/2026\/02\/54941585551_29c97f00c9_c-768x510.jpg 768w, https:\/\/archathle.eu\/wp-content\/uploads\/2026\/02\/54941585551_29c97f00c9_c-300x199.jpg 300w, https:\/\/archathle.eu\/wp-content\/uploads\/2026\/02\/54941585551_29c97f00c9_c.jpg 800w\" sizes=\"(max-width: 768px) 100vw, 768px\" \/><\/a>\n\t\t\t<\/dt><\/dl><dl class='gallery-item'>\n\t\t\t<dt class='gallery-icon landscape'>\n\t\t\t\t<a data-elementor-open-lightbox=\"yes\" data-elementor-lightbox-slideshow=\"e58a4f1\" data-elementor-lightbox-title=\"54941586071_87089b8621_c\" data-e-action-hash=\"#elementor-action%3Aaction%3Dlightbox%26settings%3DeyJpZCI6MTEwMzAsInVybCI6Imh0dHBzOlwvXC9hcmNoYXRobGUuZXVcL3dwLWNvbnRlbnRcL3VwbG9hZHNcLzIwMjZcLzAyXC81NDk0MTU4NjA3MV84NzA4OWI4NjIxX2MuanBnIiwic2xpZGVzaG93IjoiZTU4YTRmMSJ9\" href='https:\/\/archathle.eu\/wp-content\/uploads\/2026\/02\/54941586071_87089b8621_c.jpg'><img loading=\"lazy\" decoding=\"async\" width=\"768\" height=\"512\" src=\"https:\/\/archathle.eu\/wp-content\/uploads\/2026\/02\/54941586071_87089b8621_c-768x512.jpg\" class=\"attachment-medium_large size-medium_large\" alt=\"\" srcset=\"https:\/\/archathle.eu\/wp-content\/uploads\/2026\/02\/54941586071_87089b8621_c-768x512.jpg 768w, https:\/\/archathle.eu\/wp-content\/uploads\/2026\/02\/54941586071_87089b8621_c-300x200.jpg 300w, https:\/\/archathle.eu\/wp-content\/uploads\/2026\/02\/54941586071_87089b8621_c.jpg 799w\" sizes=\"(max-width: 768px) 100vw, 768px\" \/><\/a>\n\t\t\t<\/dt><\/dl><dl class='gallery-item'>\n\t\t\t<dt class='gallery-icon landscape'>\n\t\t\t\t<a data-elementor-open-lightbox=\"yes\" data-elementor-lightbox-slideshow=\"e58a4f1\" data-elementor-lightbox-title=\"54941587181_a64ecbe93c_c\" data-e-action-hash=\"#elementor-action%3Aaction%3Dlightbox%26settings%3DeyJpZCI6MTEwMzIsInVybCI6Imh0dHBzOlwvXC9hcmNoYXRobGUuZXVcL3dwLWNvbnRlbnRcL3VwbG9hZHNcLzIwMjZcLzAyXC81NDk0MTU4NzE4MV9hNjRlY2JlOTNjX2MuanBnIiwic2xpZGVzaG93IjoiZTU4YTRmMSJ9\" href='https:\/\/archathle.eu\/wp-content\/uploads\/2026\/02\/54941587181_a64ecbe93c_c.jpg'><img loading=\"lazy\" decoding=\"async\" width=\"768\" height=\"513\" src=\"https:\/\/archathle.eu\/wp-content\/uploads\/2026\/02\/54941587181_a64ecbe93c_c-768x513.jpg\" class=\"attachment-medium_large size-medium_large\" alt=\"\" srcset=\"https:\/\/archathle.eu\/wp-content\/uploads\/2026\/02\/54941587181_a64ecbe93c_c-768x513.jpg 768w, https:\/\/archathle.eu\/wp-content\/uploads\/2026\/02\/54941587181_a64ecbe93c_c-300x201.jpg 300w, https:\/\/archathle.eu\/wp-content\/uploads\/2026\/02\/54941587181_a64ecbe93c_c.jpg 799w\" sizes=\"(max-width: 768px) 100vw, 768px\" \/><\/a>\n\t\t\t<\/dt><\/dl><br style=\"clear: both\" \/>\n\t\t<\/div>\n\t\t<\/div>\n\t\t\t\t\t\t<\/div>\n\t\t\t\t<\/div>\n\t\t\t\t\t<\/div>\n\t\t\t\t<\/div>\n\t\t<div class=\"elementor-element elementor-element-92a4760 e-flex e-con-boxed e-con e-parent\" data-id=\"92a4760\" data-element_type=\"container\" data-e-type=\"container\">\n\t\t\t\t\t<div class=\"e-con-inner\">\n\t\t\t\t<div class=\"elementor-element elementor-element-6de0930 elementor-widget elementor-widget-image\" data-id=\"6de0930\" data-element_type=\"widget\" data-e-type=\"widget\" data-widget_type=\"image.default\">\n\t\t\t\t<div class=\"elementor-widget-container\">\n\t\t\t\t\t\t\t\t\t\t\t\t\t\t\t<img loading=\"lazy\" decoding=\"async\" width=\"1024\" height=\"768\" src=\"https:\/\/archathle.eu\/wp-content\/uploads\/2026\/02\/articlezatopekcoco-scaled-e1771172226763-1024x768.jpg\" class=\"attachment-large size-large wp-image-11037\" alt=\"\" srcset=\"https:\/\/archathle.eu\/wp-content\/uploads\/2026\/02\/articlezatopekcoco-scaled-e1771172226763-1024x768.jpg 1024w, https:\/\/archathle.eu\/wp-content\/uploads\/2026\/02\/articlezatopekcoco-scaled-e1771172226763-300x225.jpg 300w, https:\/\/archathle.eu\/wp-content\/uploads\/2026\/02\/articlezatopekcoco-scaled-e1771172226763-768x576.jpg 768w, https:\/\/archathle.eu\/wp-content\/uploads\/2026\/02\/articlezatopekcoco-scaled-e1771172226763-1536x1152.jpg 1536w, https:\/\/archathle.eu\/wp-content\/uploads\/2026\/02\/articlezatopekcoco-scaled-e1771172226763-2048x1536.jpg 2048w\" sizes=\"(max-width: 1024px) 100vw, 1024px\" \/>\t\t\t\t\t\t\t\t\t\t\t\t\t\t\t<\/div>\n\t\t\t\t<\/div>\n\t\t\t\t\t<\/div>\n\t\t\t\t<\/div>\n\t\t\t\t<\/div>\n\t\t","protected":false},"excerpt":{"rendered":"<p>Au revoir Coco : MERCI \u00e0 vous toutes et tous ! Marylin, Caroline, Samu, Camille et Paul et toute la famille vous remercient de TOUT COEUR pour la magnifique c\u00e9r\u00e9monie que vous avez organis\u00e9e en hommage \u00e0 Coco. Merci de perp\u00e9tuer tout ce qu&rsquo;il a fait pendant 53 ans !\u00a0 &#8211; Album photos d&rsquo;Albert DF\u00a0&#8211; [&hellip;]<\/p>\n","protected":false},"author":1,"featured_media":0,"parent":0,"menu_order":0,"comment_status":"closed","ping_status":"closed","template":"","meta":{"footnotes":""},"class_list":["post-11020","page","type-page","status-publish","hentry"],"_links":{"self":[{"href":"https:\/\/archathle.eu\/index.php\/wp-json\/wp\/v2\/pages\/11020","targetHints":{"allow":["GET"]}}],"collection":[{"href":"https:\/\/archathle.eu\/index.php\/wp-json\/wp\/v2\/pages"}],"about":[{"href":"https:\/\/archathle.eu\/index.php\/wp-json\/wp\/v2\/types\/page"}],"author":[{"embeddable":true,"href":"https:\/\/archathle.eu\/index.php\/wp-json\/wp\/v2\/users\/1"}],"replies":[{"embeddable":true,"href":"https:\/\/archathle.eu\/index.php\/wp-json\/wp\/v2\/comments?post=11020"}],"version-history":[{"count":22,"href":"https:\/\/archathle.eu\/index.php\/wp-json\/wp\/v2\/pages\/11020\/revisions"}],"predecessor-version":[{"id":11247,"href":"https:\/\/archathle.eu\/index.php\/wp-json\/wp\/v2\/pages\/11020\/revisions\/11247"}],"wp:attachment":[{"href":"https:\/\/archathle.eu\/index.php\/wp-json\/wp\/v2\/media?parent=11020"}],"curies":[{"name":"wp","href":"https:\/\/api.w.org\/{rel}","templated":true}]}}