{"id":3938,"date":"2023-05-29T09:52:20","date_gmt":"2023-05-29T09:52:20","guid":{"rendered":"https:\/\/trekon.qodeinteractive.com\/?page_id=3938"},"modified":"2026-02-01T21:05:11","modified_gmt":"2026-02-01T20:05:11","slug":"contact","status":"publish","type":"page","link":"https:\/\/archathle.eu\/index.php\/contact\/","title":{"rendered":"Contactez-nous"},"content":{"rendered":"\t\t<div data-elementor-type=\"wp-page\" data-elementor-id=\"3938\" class=\"elementor elementor-3938\">\n\t\t\t\t<div class=\"elementor-element elementor-element-2cc016e e-grid e-con-boxed e-con e-parent\" data-id=\"2cc016e\" data-element_type=\"container\" data-e-type=\"container\">\n\t\t\t\t\t<div class=\"e-con-inner\">\n\t\t\t\t<div class=\"elementor-element elementor-element-b9b83c9 elementor-widget elementor-widget-google_maps\" data-id=\"b9b83c9\" data-element_type=\"widget\" data-e-type=\"widget\" data-widget_type=\"google_maps.default\">\n\t\t\t\t<div class=\"elementor-widget-container\">\n\t\t\t\t\t\t\t<div class=\"elementor-custom-embed\">\n\t\t\t<iframe loading=\"lazy\"\n\t\t\t\t\tsrc=\"https:\/\/maps.google.com\/maps?q=17%2C%20chemin%20de%20Rebompr%C3%A9%20%E2%80%94%205590%20Ciney%20&#038;t=m&#038;z=10&#038;output=embed&#038;iwloc=near\"\n\t\t\t\t\ttitle=\"17, chemin de Rebompr\u00e9 \u2014 5590 Ciney \"\n\t\t\t\t\taria-label=\"17, chemin de Rebompr\u00e9 \u2014 5590 Ciney \"\n\t\t\t><\/iframe>\n\t\t<\/div>\n\t\t\t\t\t\t<\/div>\n\t\t\t\t<\/div>\n\t\t\t\t<div class=\"elementor-element elementor-element-a39db79 elementor-widget elementor-widget-text-editor\" data-id=\"a39db79\" data-element_type=\"widget\" data-e-type=\"widget\" data-widget_type=\"text-editor.default\">\n\t\t\t\t<div class=\"elementor-widget-container\">\n\t\t\t\t\t\t\t\t\t<h4>Coordonn\u00e9es<\/h4><p><strong>Adresse Piste :<\/strong><br \/><a href=\"https:\/\/www.google.fr\/maps\/place\/Chemin+de+Rebompr%C3%A9,+5590+Ciney,+Belgique\/@50.2988882,5.1049488,322m\/data=!3m1!1e3!4m5!3m4!1s0x47c1b9e78fc815d3:0x807a026790cf9645!8m2!3d50.2988882!4d5.1060435\" target=\"_blank\" rel=\"noopener\"> 17, chemin de Rebompr\u00e9<br \/>5590 Ciney (Plan Google) <\/a><\/p><hr \/><div id=\"block-50\" class=\"widget widget_block\" data-area=\"qodef-footer-top-area-column-2\"><h4 class=\"wp-block-heading\">Informations<\/h4><\/div><div id=\"block-51\" class=\"widget widget_block\" data-area=\"qodef-footer-top-area-column-2\"><div class=\"wp-block-qi-blocks-advanced-text qodef-block-container qodef-widget-block-b7b25512\"><div class=\"qi-block-advanced-text qodef-block qodef-m\"><p><strong><a href=\"https:\/\/www.companyweb.be\/fr\/0442184792\/athletic-running-ciney-haute-meuse\">Rue du Bois Tamine (Sovet) 13<\/a><br \/><a href=\"https:\/\/www.companyweb.be\/fr\/0442184792\/athletic-running-ciney-haute-meuse\">5590 Ciney<\/a> (Belgique)<\/strong><\/p><p>Num\u00e9ro d&rsquo;entreprise : BE0442.184.792<\/p><p><strong>Compte bancaire :\u00a0<\/strong><\/p><p>ING : BE 24 9300 0598 2338<br \/>(BIC : HBKABE22)<\/p><\/div><\/div><\/div>\t\t\t\t\t\t\t\t<\/div>\n\t\t\t\t<\/div>\n\t\t\t\t\t<\/div>\n\t\t\t\t<\/div>\n\t\t<div class=\"elementor-element elementor-element-fbe7273 e-flex e-con-boxed e-con e-parent\" data-id=\"fbe7273\" data-element_type=\"container\" data-e-type=\"container\">\n\t\t\t\t\t<div class=\"e-con-inner\">\n\t\t\t\t<div class=\"elementor-element elementor-element-854edc2 elementor-widget elementor-widget-heading\" data-id=\"854edc2\" data-element_type=\"widget\" data-e-type=\"widget\" data-widget_type=\"heading.default\">\n\t\t\t\t<div class=\"elementor-widget-container\">\n\t\t\t\t\t<h2 class=\"elementor-heading-title elementor-size-default\">Contact<\/h2>\t\t\t\t<\/div>\n\t\t\t\t<\/div>\n\t\t\t\t<div class=\"elementor-element elementor-element-da138a8 elementor-widget elementor-widget-text-editor\" data-id=\"da138a8\" data-element_type=\"widget\" data-e-type=\"widget\" data-widget_type=\"text-editor.default\">\n\t\t\t\t<div class=\"elementor-widget-container\">\n\t\t\t\t\t\t\t\t\t<table style=\"border-collapse: collapse; border: 1px solid #ddd;\" width=\"100%\" cellspacing=\"0\" cellpadding=\"10\"><thead><tr style=\"background-color: #111f36; color: white;\"><th style=\"border: 1px solid #ddd;\" align=\"left\">Fonction<\/th><th style=\"border: 1px solid #ddd;\" align=\"left\">Nom<\/th><th style=\"border: 1px solid #ddd;\" align=\"left\">Email<\/th><th style=\"border: 1px solid #ddd;\" align=\"left\">T\u00e9l\u00e9phone<\/th><\/tr><\/thead><tbody><tr><td style=\"border: 1px solid #ddd;\">Secr\u00e9taire<\/td><td style=\"border: 1px solid #ddd;\"><strong>Emeline Gabriel<\/strong><\/td><td style=\"border: 1px solid #ddd;\"><a href=\"mailto:emeline.secretariatarch@gmail.com\"><br \/>emeline.secretariatarch@gmail.com<br \/><\/a><\/td><td style=\"border: 1px solid #ddd;\">\u2014<\/td><\/tr><tr style=\"background-color: #fafafa;\"><td style=\"border: 1px solid #ddd;\">Coordination sportive<\/td><td style=\"border: 1px solid #ddd;\"><strong>Fr\u00e9d\u00e9ric Labar<\/strong><\/td><td style=\"border: 1px solid #ddd;\">frederic.labar@hotmail.be<\/td><td style=\"border: 1px solid #ddd;\">__<\/td><\/tr><tr><td style=\"border: 1px solid #ddd;\">M\u00e9dias \/ Presse<\/td><td style=\"border: 1px solid #ddd;\"><strong>Manu Morimont<\/strong><\/td><td style=\"border: 1px solid #ddd;\"><a href=\"mailto:manumorimont@hotmail.com\">manumorimont@hotmail.com<\/a><\/td><td style=\"border: 1px solid #ddd;\"><a href=\"tel:+32476349245\">0476\u00a034\u00a092\u00a045<\/a><\/td><\/tr><tr style=\"background-color: #fafafa;\"><td style=\"border: 1px solid #ddd;\">Sponsors \/ Partenariats<\/td><td style=\"border: 1px solid #ddd;\"><strong>Paul Wilmet<\/strong><\/td><td style=\"border: 1px solid #ddd;\"><a href=\"mailto:wilmetpaul@skynet.be\">wilmetpaul@skynet.be<\/a><\/td><td style=\"border: 1px solid #ddd;\"><a href=\"tel:+32477335019\">0477\u00a033\u00a050\u00a019<\/a><\/td><\/tr><\/tbody><\/table>\t\t\t\t\t\t\t\t<\/div>\n\t\t\t\t<\/div>\n\t\t\t\t\t<\/div>\n\t\t\t\t<\/div>\n\t\t<div class=\"elementor-element elementor-element-7e98289 e-con-full e-flex e-con e-parent\" data-id=\"7e98289\" data-element_type=\"container\" data-e-type=\"container\">\n\t\t\t\t<div class=\"elementor-element elementor-element-c759213 elementor-widget elementor-widget-qi_addons_for_elementor_text_marquee\" data-id=\"c759213\" data-element_type=\"widget\" data-e-type=\"widget\" data-widget_type=\"qi_addons_for_elementor_text_marquee.default\">\n\t\t\t\t<div class=\"elementor-widget-container\">\n\t\t\t\t\t<div class=\"qodef-shortcode qodef-m qodef-qi-text-marquee qodef-layout--default\">\n\t<div class=\"qodef-m-content\">\n\t\t<div class=\"qodef-m-text qodef-text--original\">\n\t\t\t\t\t\t\t<span class=\"qodef-m-text-item elementor-repeater-item-1156671\" >www.archathle.eu<\/span>\n\t\t\t\t\t\t\t\t\t\t\t<span class=\"qodef-m-text-item elementor-repeater-item-e69d76b\" >www.archathle.eu<\/span>\n\t\t\t\t\t\t\t\t\t\t\t<span class=\"qodef-m-text-item elementor-repeater-item-3b0a92b\" >www.archathle.eu<\/span>\n\t\t\t\t\t\t\t\t\t<\/div>\n\t\t<div class=\"qodef-m-text qodef-text--copy\">\n\t\t\t\t\t\t\t<span class=\"qodef-m-text-item elementor-repeater-item-1156671\" >www.archathle.eu<\/span>\n\t\t\t\t\t\t\t\t\t\t\t<span class=\"qodef-m-text-item elementor-repeater-item-e69d76b\" >www.archathle.eu<\/span>\n\t\t\t\t\t\t\t\t\t\t\t<span class=\"qodef-m-text-item elementor-repeater-item-3b0a92b\" >www.archathle.eu<\/span>\n\t\t\t\t\t\t\t\t\t<\/div>\n\t<\/div>\n<\/div>\n\t\t\t\t<\/div>\n\t\t\t\t<\/div>\n\t\t\t\t<\/div>\n\t\t\t\t<\/div>\n\t\t","protected":false},"excerpt":{"rendered":"<p>Coordonn\u00e9es Adresse Piste : 17, chemin de Rebompr\u00e95590 Ciney (Plan Google) Informations Rue du Bois Tamine (Sovet) 135590 Ciney (Belgique) Num\u00e9ro d&rsquo;entreprise : BE0442.184.792 Compte bancaire :\u00a0 ING : BE 24 9300 0598 2338(BIC : HBKABE22) Contact Fonction Nom Email T\u00e9l\u00e9phone Secr\u00e9taire Emeline Gabriel emeline.secretariatarch@gmail.com \u2014 Coordination sportive Fr\u00e9d\u00e9ric Labar frederic.labar@hotmail.be __ M\u00e9dias \/ Presse [&hellip;]<\/p>\n","protected":false},"author":1,"featured_media":0,"parent":0,"menu_order":0,"comment_status":"closed","ping_status":"closed","template":"page-full-width.php","meta":{"footnotes":""},"class_list":["post-3938","page","type-page","status-publish","hentry"],"_links":{"self":[{"href":"https:\/\/archathle.eu\/index.php\/wp-json\/wp\/v2\/pages\/3938","targetHints":{"allow":["GET"]}}],"collection":[{"href":"https:\/\/archathle.eu\/index.php\/wp-json\/wp\/v2\/pages"}],"about":[{"href":"https:\/\/archathle.eu\/index.php\/wp-json\/wp\/v2\/types\/page"}],"author":[{"embeddable":true,"href":"https:\/\/archathle.eu\/index.php\/wp-json\/wp\/v2\/users\/1"}],"replies":[{"embeddable":true,"href":"https:\/\/archathle.eu\/index.php\/wp-json\/wp\/v2\/comments?post=3938"}],"version-history":[{"count":94,"href":"https:\/\/archathle.eu\/index.php\/wp-json\/wp\/v2\/pages\/3938\/revisions"}],"predecessor-version":[{"id":10925,"href":"https:\/\/archathle.eu\/index.php\/wp-json\/wp\/v2\/pages\/3938\/revisions\/10925"}],"wp:attachment":[{"href":"https:\/\/archathle.eu\/index.php\/wp-json\/wp\/v2\/media?parent=3938"}],"curies":[{"name":"wp","href":"https:\/\/api.w.org\/{rel}","templated":true}]}}