{"id":9038,"date":"2025-08-01T14:35:29","date_gmt":"2025-08-01T12:35:29","guid":{"rendered":"https:\/\/archathle.ovh\/?page_id=9038"},"modified":"2026-03-03T10:38:04","modified_gmt":"2026-03-03T09:38:04","slug":"infrastructures","status":"publish","type":"page","link":"https:\/\/archathle.eu\/index.php\/infrastructures\/","title":{"rendered":"Infrastructures"},"content":{"rendered":"\t\t<div data-elementor-type=\"wp-page\" data-elementor-id=\"9038\" class=\"elementor elementor-9038\">\n\t\t\t\t<div class=\"elementor-element elementor-element-3745efd e-grid e-con-boxed e-con e-parent\" data-id=\"3745efd\" data-element_type=\"container\" data-e-type=\"container\">\n\t\t\t\t\t<div class=\"e-con-inner\">\n\t\t\t\t<div class=\"elementor-element elementor-element-f5631aa elementor-widget elementor-widget-google_maps\" data-id=\"f5631aa\" data-element_type=\"widget\" data-e-type=\"widget\" data-widget_type=\"google_maps.default\">\n\t\t\t\t<div class=\"elementor-widget-container\">\n\t\t\t\t\t\t\t<div class=\"elementor-custom-embed\">\n\t\t\t<iframe loading=\"lazy\"\n\t\t\t\t\tsrc=\"https:\/\/maps.google.com\/maps?q=17%2C%20chemin%20de%20Rebompr%C3%A9%20%E2%80%94%205590%20Ciney%20&#038;t=m&#038;z=10&#038;output=embed&#038;iwloc=near\"\n\t\t\t\t\ttitle=\"17, chemin de Rebompr\u00e9 \u2014 5590 Ciney \"\n\t\t\t\t\taria-label=\"17, chemin de Rebompr\u00e9 \u2014 5590 Ciney \"\n\t\t\t><\/iframe>\n\t\t<\/div>\n\t\t\t\t\t\t<\/div>\n\t\t\t\t<\/div>\n\t\t\t\t<div class=\"elementor-element elementor-element-3e0f163 elementor-widget elementor-widget-text-editor\" data-id=\"3e0f163\" data-element_type=\"widget\" data-e-type=\"widget\" data-widget_type=\"text-editor.default\">\n\t\t\t\t<div class=\"elementor-widget-container\">\n\t\t\t\t\t\t\t\t\t<h3>\ud83d\udccd Bient\u00f4t du NOUVEAU ICI\u00a0<\/h3><h3>O\u00f9 nous trouver<\/h3><p><strong>Adresse :<\/strong><br \/><a href=\"https:\/\/www.google.fr\/maps\/place\/Chemin+de+Rebompr%C3%A9,+5590+Ciney,+Belgique\/@50.2988882,5.1049488,322m\/data=!3m1!1e3!4m5!3m4!1s0x47c1b9e78fc815d3:0x807a026790cf9645!8m2!3d50.2988882!4d5.1060435\" target=\"_blank\" rel=\"noopener\"> 17, chemin de Rebompr\u00e9<br \/>5590 Ciney (Plan Google) <\/a><\/p><p><strong>Acc\u00e8s :<\/strong><br \/>Entr\u00e9e via <a href=\"https:\/\/www.google.fr\/maps\/place\/Chemin+de+Rebompr%C3%A9,+5590+Ciney,+Belgique\/@50.2988882,5.1038548,17z\/data=!3m1!4b1!4m2!3m1!1s0x47c1b9e78fc815d3:0x807a026790cf9645\" target=\"_blank\" rel=\"noopener\"> Avenue Schl\u00f6gel (voiture) ou <br \/>rue Rempart de la Tour (\u00e0 pied \/ v\u00e9lo) <\/a>.<\/p>\t\t\t\t\t\t\t\t<\/div>\n\t\t\t\t<\/div>\n\t\t\t\t\t<\/div>\n\t\t\t\t<\/div>\n\t\t<div class=\"elementor-element elementor-element-b3dd106 e-con-full e-flex e-con e-parent\" data-id=\"b3dd106\" data-element_type=\"container\" data-e-type=\"container\">\n\t\t\t\t<div class=\"elementor-element elementor-element-5f5ee86 elementor-arrows-position-inside elementor-pagination-position-outside elementor-widget elementor-widget-image-carousel\" data-id=\"5f5ee86\" data-element_type=\"widget\" data-e-type=\"widget\" data-settings=\"{&quot;slides_to_show&quot;:&quot;5&quot;,&quot;navigation&quot;:&quot;both&quot;,&quot;autoplay&quot;:&quot;yes&quot;,&quot;pause_on_hover&quot;:&quot;yes&quot;,&quot;pause_on_interaction&quot;:&quot;yes&quot;,&quot;autoplay_speed&quot;:5000,&quot;infinite&quot;:&quot;yes&quot;,&quot;speed&quot;:500,&quot;image_spacing_custom&quot;:{&quot;unit&quot;:&quot;px&quot;,&quot;size&quot;:20,&quot;sizes&quot;:[]},&quot;image_spacing_custom_tablet&quot;:{&quot;unit&quot;:&quot;px&quot;,&quot;size&quot;:&quot;&quot;,&quot;sizes&quot;:[]},&quot;image_spacing_custom_mobile&quot;:{&quot;unit&quot;:&quot;px&quot;,&quot;size&quot;:&quot;&quot;,&quot;sizes&quot;:[]}}\" data-widget_type=\"image-carousel.default\">\n\t\t\t\t<div class=\"elementor-widget-container\">\n\t\t\t\t\t\t\t<div class=\"elementor-image-carousel-wrapper swiper\" role=\"region\" aria-roledescription=\"carousel\" aria-label=\"Carrousel d\u2019images\" dir=\"ltr\">\n\t\t\t<div class=\"elementor-image-carousel swiper-wrapper\" aria-live=\"off\">\n\t\t\t\t\t\t\t\t<div class=\"swiper-slide\" role=\"group\" aria-roledescription=\"slide\" aria-label=\"1 sur 6\"><a data-elementor-open-lightbox=\"yes\" data-elementor-lightbox-slideshow=\"5f5ee86\" data-elementor-lightbox-title=\"617452783_1460739312722009_8589699859562815172_n\" data-e-action-hash=\"#elementor-action%3Aaction%3Dlightbox%26settings%3DeyJpZCI6OTg4NywidXJsIjoiaHR0cHM6XC9cL2FyY2hhdGhsZS5ldVwvd3AtY29udGVudFwvdXBsb2Fkc1wvMjAyNlwvMDFcLzYxNzQ1Mjc4M18xNDYwNzM5MzEyNzIyMDA5Xzg1ODk2OTk4NTk1NjI4MTUxNzJfbi5qcGciLCJzbGlkZXNob3ciOiI1ZjVlZTg2In0%3D\" href=\"https:\/\/archathle.eu\/wp-content\/uploads\/2026\/01\/617452783_1460739312722009_8589699859562815172_n.jpg\"><figure class=\"swiper-slide-inner\"><img decoding=\"async\" class=\"swiper-slide-image\" src=\"https:\/\/archathle.eu\/wp-content\/uploads\/2026\/01\/617452783_1460739312722009_8589699859562815172_n-650x650.jpg\" alt=\"617452783_1460739312722009_8589699859562815172_n\" \/><\/figure><\/a><\/div><div class=\"swiper-slide\" role=\"group\" aria-roledescription=\"slide\" aria-label=\"2 sur 6\"><a data-elementor-open-lightbox=\"yes\" data-elementor-lightbox-slideshow=\"5f5ee86\" data-elementor-lightbox-title=\"492123700_1225108249618451_6906867934970205251_n\" data-e-action-hash=\"#elementor-action%3Aaction%3Dlightbox%26settings%3DeyJpZCI6OTg4NiwidXJsIjoiaHR0cHM6XC9cL2FyY2hhdGhsZS5ldVwvd3AtY29udGVudFwvdXBsb2Fkc1wvMjAyNlwvMDFcLzQ5MjEyMzcwMF8xMjI1MTA4MjQ5NjE4NDUxXzY5MDY4Njc5MzQ5NzAyMDUyNTFfbi5qcGciLCJzbGlkZXNob3ciOiI1ZjVlZTg2In0%3D\" href=\"https:\/\/archathle.eu\/wp-content\/uploads\/2026\/01\/492123700_1225108249618451_6906867934970205251_n.jpg\"><figure class=\"swiper-slide-inner\"><img decoding=\"async\" class=\"swiper-slide-image\" src=\"https:\/\/archathle.eu\/wp-content\/uploads\/2026\/01\/492123700_1225108249618451_6906867934970205251_n-650x650.jpg\" alt=\"492123700_1225108249618451_6906867934970205251_n\" \/><\/figure><\/a><\/div><div class=\"swiper-slide\" role=\"group\" aria-roledescription=\"slide\" aria-label=\"3 sur 6\"><a data-elementor-open-lightbox=\"yes\" data-elementor-lightbox-slideshow=\"5f5ee86\" data-elementor-lightbox-title=\"54606197259_e503a36fa1_b\" data-e-action-hash=\"#elementor-action%3Aaction%3Dlightbox%26settings%3DeyJpZCI6OTM3MywidXJsIjoiaHR0cHM6XC9cL2FyY2hhdGhsZS5ldVwvd3AtY29udGVudFwvdXBsb2Fkc1wvMjAyNVwvMDhcLzU0NjA2MTk3MjU5X2U1MDNhMzZmYTFfYi5qcGciLCJzbGlkZXNob3ciOiI1ZjVlZTg2In0%3D\" href=\"https:\/\/archathle.eu\/wp-content\/uploads\/2025\/08\/54606197259_e503a36fa1_b.jpg\"><figure class=\"swiper-slide-inner\"><img decoding=\"async\" class=\"swiper-slide-image\" src=\"https:\/\/archathle.eu\/wp-content\/uploads\/2025\/08\/54606197259_e503a36fa1_b-650x650.jpg\" alt=\"777216\" \/><\/figure><\/a><\/div><div class=\"swiper-slide\" role=\"group\" aria-roledescription=\"slide\" aria-label=\"4 sur 6\"><a data-elementor-open-lightbox=\"yes\" data-elementor-lightbox-slideshow=\"5f5ee86\" data-elementor-lightbox-title=\"archpisterebompre\" data-e-action-hash=\"#elementor-action%3Aaction%3Dlightbox%26settings%3DeyJpZCI6OTA0MCwidXJsIjoiaHR0cHM6XC9cL2FyY2hhdGhsZS5ldVwvd3AtY29udGVudFwvdXBsb2Fkc1wvMjAyNVwvMDhcL2FyY2hwaXN0ZXJlYm9tcHJlLmpwZyIsInNsaWRlc2hvdyI6IjVmNWVlODYifQ%3D%3D\" href=\"https:\/\/archathle.eu\/wp-content\/uploads\/2025\/08\/archpisterebompre.jpg\"><figure class=\"swiper-slide-inner\"><img decoding=\"async\" class=\"swiper-slide-image\" src=\"https:\/\/archathle.eu\/wp-content\/uploads\/2025\/08\/archpisterebompre-650x650.jpg\" alt=\"archpisterebompre\" \/><\/figure><\/a><\/div><div class=\"swiper-slide\" role=\"group\" aria-roledescription=\"slide\" aria-label=\"5 sur 6\"><a data-elementor-open-lightbox=\"yes\" data-elementor-lightbox-slideshow=\"5f5ee86\" data-elementor-lightbox-title=\"157A6229\" data-e-action-hash=\"#elementor-action%3Aaction%3Dlightbox%26settings%3DeyJpZCI6ODg3OCwidXJsIjoiaHR0cHM6XC9cL2FyY2hhdGhsZS5ldVwvd3AtY29udGVudFwvdXBsb2Fkc1wvMjAyNVwvMDdcLzE1N0E2MjI5LmpwZyIsInNsaWRlc2hvdyI6IjVmNWVlODYifQ%3D%3D\" href=\"https:\/\/archathle.eu\/wp-content\/uploads\/2025\/07\/157A6229.jpg\"><figure class=\"swiper-slide-inner\"><img decoding=\"async\" class=\"swiper-slide-image\" src=\"https:\/\/archathle.eu\/wp-content\/uploads\/2025\/07\/157A6229-650x650.jpg\" alt=\"157A6229\" \/><\/figure><\/a><\/div><div class=\"swiper-slide\" role=\"group\" aria-roledescription=\"slide\" aria-label=\"6 sur 6\"><a data-elementor-open-lightbox=\"yes\" data-elementor-lightbox-slideshow=\"5f5ee86\" data-elementor-lightbox-title=\"157A6229\" data-e-action-hash=\"#elementor-action%3Aaction%3Dlightbox%26settings%3DeyJpZCI6OTAwNiwidXJsIjoiaHR0cHM6XC9cL2FyY2hhdGhsZS5ldVwvd3AtY29udGVudFwvdXBsb2Fkc1wvMjAyM1wvMDVcLzE1N0E2MjI5LmpwZyIsInNsaWRlc2hvdyI6IjVmNWVlODYifQ%3D%3D\" href=\"https:\/\/archathle.eu\/wp-content\/uploads\/2023\/05\/157A6229.jpg\"><figure class=\"swiper-slide-inner\"><img decoding=\"async\" class=\"swiper-slide-image\" src=\"https:\/\/archathle.eu\/wp-content\/uploads\/2023\/05\/157A6229-650x650.jpg\" alt=\"157A6229\" \/><\/figure><\/a><\/div>\t\t\t<\/div>\n\t\t\t\t\t\t\t\t\t\t\t\t<div class=\"elementor-swiper-button elementor-swiper-button-prev\" role=\"button\" tabindex=\"0\">\n\t\t\t\t\t\t<svg aria-hidden=\"true\" class=\"e-font-icon-svg e-eicon-chevron-left\" viewBox=\"0 0 1000 1000\" xmlns=\"http:\/\/www.w3.org\/2000\/svg\"><path d=\"M646 125C629 125 613 133 604 142L308 442C296 454 292 471 292 487 292 504 296 521 308 533L604 854C617 867 629 875 646 875 663 875 679 871 692 858 704 846 713 829 713 812 713 796 708 779 692 767L438 487 692 225C700 217 708 204 708 187 708 171 704 154 692 142 675 129 663 125 646 125Z\"><\/path><\/svg>\t\t\t\t\t<\/div>\n\t\t\t\t\t<div class=\"elementor-swiper-button elementor-swiper-button-next\" role=\"button\" tabindex=\"0\">\n\t\t\t\t\t\t<svg aria-hidden=\"true\" class=\"e-font-icon-svg e-eicon-chevron-right\" viewBox=\"0 0 1000 1000\" xmlns=\"http:\/\/www.w3.org\/2000\/svg\"><path d=\"M696 533C708 521 713 504 713 487 713 471 708 454 696 446L400 146C388 133 375 125 354 125 338 125 325 129 313 142 300 154 292 171 292 187 292 204 296 221 308 233L563 492 304 771C292 783 288 800 288 817 288 833 296 850 308 863 321 871 338 875 354 875 371 875 388 867 400 854L696 533Z\"><\/path><\/svg>\t\t\t\t\t<\/div>\n\t\t\t\t\n\t\t\t\t\t\t\t\t\t<div class=\"swiper-pagination\"><\/div>\n\t\t\t\t\t\t\t\t\t<\/div>\n\t\t\t\t\t\t<\/div>\n\t\t\t\t<\/div>\n\t\t\t\t<\/div>\n\t\t<div class=\"elementor-element elementor-element-1f071f56 e-flex e-con-boxed e-con e-parent\" data-id=\"1f071f56\" data-element_type=\"container\" data-e-type=\"container\">\n\t\t\t\t\t<div class=\"e-con-inner\">\n\t\t\t\t<div class=\"elementor-element elementor-element-a272e76 elementor-widget elementor-widget-text-editor\" data-id=\"a272e76\" data-element_type=\"widget\" data-e-type=\"widget\" data-widget_type=\"text-editor.default\">\n\t\t\t\t<div class=\"elementor-widget-container\">\n\t\t\t\t\t\t\t\t\t<!-- ===================== --><!-- NOS INSTALLATIONS --><!-- ===================== -->\n<h2>\ud83c\udfdf\ufe0f Nos installations<\/h2>\n<p><em>Un r\u00eave de 45 ans devenu r\u00e9alit\u00e9<\/em><\/p>\n<p>Le complexe d\u2019athl\u00e9tisme de <strong>Rebompr\u00e9<\/strong> est l\u2019aboutissement de plusieurs d\u00e9cennies de passion, de pers\u00e9v\u00e9rance et d\u2019engagement collectif. Il constitue aujourd\u2019hui un outil exceptionnel au service des athl\u00e8tes et du d\u00e9veloppement de l\u2019athl\u00e9tisme.<\/p>\n<p><!-- ===================== --><!-- HISTOIRE --><!-- ===================== --><\/p>\n<p>\u00a0<\/p>\n<h3>\ud83c\udfac Une piste, une histoire<\/h3>\n<p>D\u00e9couvrez l\u2019envers du d\u00e9cor avec le film <a href=\"https:\/\/vimeo.com\/175670210\/c3e87afff0\" target=\"_blank\" rel=\"noopener\"> <strong>\u00ab Hard Workers \u00bb<\/strong> <\/a>, r\u00e9alis\u00e9 par <strong>Manu Morimont<\/strong> : une v\u00e9ritable ode aux travailleurs et \u00e0 l\u2019histoire de la piste de Rebompr\u00e9.<\/p>\n<p>\ud83d\udc49 <strong>L\u2019historique complet du projet est \u00e0 d\u00e9couvrir plus bas sur cette page.<\/strong><\/p>\n<hr \/><!-- ===================== --><!-- INFRASTRUCTURES --><!-- ===================== -->\n<h3>\u2705 Le complexe de Rebompr\u00e9<\/h3>\n<p>Le complexe est aujourd\u2019hui <strong>op\u00e9rationnel<\/strong> et g\u00e9r\u00e9 par la <strong>R\u00e9gie autonome des Sports du Condroz<\/strong>.<\/p>\n<h4>\ud83c\udfc3 Piste &amp; aires sportives<\/h4>\n<ul>\n<li>Piste <strong>Polytan imperm\u00e9able<\/strong> de 400 m (6 \u00e0 8 couloirs)<\/li>\n<li>2 sautoirs <strong>longueur \/ triple saut<\/strong><\/li>\n<li>Sautoirs <strong>perche<\/strong> et <strong>hauteur<\/strong><\/li>\n<li><strong>Fosse de steeple<\/strong><\/li>\n<li>Aires de lancer : <strong>poids<\/strong>, <strong>disque<\/strong>, <strong>javelot<\/strong><\/li>\n<li><strong>Tour de chrono \u00e9lectronique<\/strong> (2 \u00e9tages)<\/li>\n<\/ul>\n<h4>\ud83c\udfe0 Infrastructures de vie du club<\/h4>\n<p><strong>G\u00e9r\u00e9es et financ\u00e9es par le club :<\/strong><\/p>\n<ul>\n<li>Tribune<\/li>\n<li><strong>ARCHiHouse<\/strong> et terrasse couverte<\/li>\n<li>Sanitaires hommes &amp; dames<\/li>\n<li>Vestiaires hommes &amp; dames<\/li>\n<li>Conteneur mat\u00e9riel<\/li>\n<\/ul>\n<hr \/><!-- ===================== --><!-- INAUGURATION --><!-- ===================== -->\n<h3>\ud83c\udf89 Une rentr\u00e9e historique<\/h3>\n<p>Quelle foule pour ce nouveau d\u00e9part sur le complexe du Rebompr\u00e9 ! Un moment charg\u00e9 d\u2019\u00e9motions, entre <strong>nostalgie<\/strong>, <strong>joie<\/strong> et <strong>enthousiasme<\/strong>, apr\u00e8s plus de 43 ans d\u2019efforts.<\/p>\n<p>Un deuxi\u00e8me chapitre commence pour l\u2019ARCH, avec l\u2019envie de l\u2019\u00e9crire avec le m\u00eame c\u0153ur et la m\u00eame passion qui animent le club depuis toujours. <strong>Merci \u00e0 toutes celles et ceux qui ont rendu cela possible.<\/strong><\/p>\n<p><strong>\u00c0 voir et \u00e0 lire :<\/strong><br \/><a href=\"http:\/\/www.lameuse.be\/1676991\/article\/2016-09-20\/athletisme-le-club-de-l-arch-a-decouvert-sa-nouvelle-piste-photos-video\" target=\"_blank\" rel=\"noopener\">\ud83d\udcf0 Article Sud Presse<\/a><br \/><a href=\"http:\/\/www.matele.be\/ciney-nouvelle-piste-nouvelles-sensations\" target=\"_blank\" rel=\"noopener\">\ud83d\udcfa Reportage MaT\u00e9l\u00e9<\/a><br \/><a href=\"https:\/\/photos.google.com\/share\/AF1QipMNZp52_oBHMeoowvnsJzEu1K5ypV2a9-gNuV8-C2I9KViiRmgOfZR3Qk3uWrPfNA?key=M1didzZlOGQzY19YNldVQ2xIMHY0OUkxVjJnU0tR\" target=\"_blank\" rel=\"noopener\">\ud83d\udcf8 Photos d\u2019Albert DF<\/a><br \/><a href=\"https:\/\/www.facebook.com\/Archathle\/photos\/?tab=album&amp;album_id=916681901771329\" target=\"_blank\" rel=\"noopener\">\ud83d\udcf8 Photos de Lionel G<\/a><\/p>\n<hr \/><!-- ===================== --><!-- VIDEOS --><!-- ===================== -->\n<h3>\ud83d\udcfa Archives &amp; ambiance<\/h3>\n<p><a href=\"http:\/\/www.matele.be\/content\/view\/7230\/166\/\" target=\"_blank\" rel=\"noopener\"> <strong>Reportage Ma T\u00e9l\u00e9 \u2014 16 novembre 2010<\/strong> <\/a><\/p>\n<p><a href=\"http:\/\/vimeo.com\/98228849\" target=\"_blank\" rel=\"noopener\"> <strong>\ud83c\udfa5 Ambiance \u00e0 l\u2019entra\u00eenement \u2014 vid\u00e9o de Lionel Lambert, Louis Colmant &amp; Manu Morimont<\/strong> <\/a><\/p>\t\t\t\t\t\t\t\t<\/div>\n\t\t\t\t<\/div>\n\t\t\t\t<div class=\"elementor-element elementor-element-d0cc9e1 elementor-widget elementor-widget-text-editor\" data-id=\"d0cc9e1\" data-element_type=\"widget\" data-e-type=\"widget\" data-widget_type=\"text-editor.default\">\n\t\t\t\t<div class=\"elementor-widget-container\">\n\t\t\t\t\t\t\t\t\t<h3>\ud83d\udccd O\u00f9 nous trouver<\/h3>\n<p><strong>Adresse :<\/strong><br \/><a href=\"https:\/\/www.google.fr\/maps\/place\/Chemin+de+Rebompr%C3%A9,+5590+Ciney,+Belgique\/@50.2988882,5.1049488,322m\/data=!3m1!1e3!4m5!3m4!1s0x47c1b9e78fc815d3:0x807a026790cf9645!8m2!3d50.2988882!4d5.1060435\" target=\"_blank\" rel=\"noopener\"> 17, chemin de Rebompr\u00e9 \u2014 5590 Ciney (Plan Google) <\/a><\/p>\n<p><strong>Acc\u00e8s :<\/strong><br \/>Entr\u00e9e via <a href=\"https:\/\/www.google.fr\/maps\/place\/Chemin+de+Rebompr%C3%A9,+5590+Ciney,+Belgique\/@50.2988882,5.1038548,17z\/data=!3m1!4b1!4m2!3m1!1s0x47c1b9e78fc815d3:0x807a026790cf9645\" target=\"_blank\" rel=\"noopener\"> Avenue Schl\u00f6gel (voiture) ou rue Rempart de la Tour (\u00e0 pied \/ v\u00e9lo) <\/a>.<\/p>\t\t\t\t\t\t\t\t<\/div>\n\t\t\t\t<\/div>\n\t\t\t\t<div class=\"elementor-element elementor-element-e003554 elementor-widget__width-inherit elementor-widget elementor-widget-video\" data-id=\"e003554\" data-element_type=\"widget\" data-e-type=\"widget\" data-settings=\"{&quot;video_type&quot;:&quot;vimeo&quot;}\" data-widget_type=\"video.default\">\n\t\t\t\t<div class=\"elementor-widget-container\">\n\t\t\t\t\t\t\t<div class=\"elementor-wrapper elementor-open-inline\">\n\t\t\t<iframe class=\"elementor-video-iframe\" allowfullscreen allow=\"clipboard-write\" title=\"Lecteur vid\u00e9o vimeo\" src=\"https:\/\/player.vimeo.com\/video\/98228849?color&amp;autopause=0&amp;loop=0&amp;muted=0&amp;title=1&amp;portrait=1&amp;byline=1#t=\"><\/iframe>\t\t<\/div>\n\t\t\t\t\t\t<\/div>\n\t\t\t\t<\/div>\n\t\t\t\t<div class=\"elementor-element elementor-element-09a4a20 elementor-widget elementor-widget-text-editor\" data-id=\"09a4a20\" data-element_type=\"widget\" data-e-type=\"widget\" data-widget_type=\"text-editor.default\">\n\t\t\t\t<div class=\"elementor-widget-container\">\n\t\t\t\t\t\t\t\t\t<!-- ================================================= -->\n<p>\u00a0<\/p>\n<!-- NAISSANCE D\u2019UN R\u00caVE --><!-- ================================================= -->\n<h2>\ud83c\udfdf\ufe0f Une piste\u2026 enfin. L\u2019aboutissement de plus de 40 ans d\u2019attente<\/h2>\n<p>Apr\u00e8s plus de <strong>40 ann\u00e9es d\u2019attente<\/strong>, l\u2019ARCH a enfin vu son r\u00eave se concr\u00e9tiser : s\u2019entra\u00eener sur <strong>une vraie piste d\u2019athl\u00e9tisme<\/strong>.<\/p>\n<p>Gr\u00e2ce au soutien des pouvoirs publics et \u00e0 une d\u00e9termination sans faille, les subsides ont finalement \u00e9t\u00e9 accord\u00e9s. Ce court clip retrace l\u2019<strong>\u00e9vocation m\u00e9diatique de ce parcours du combattant<\/strong>, port\u00e9 pendant des ann\u00e9es sur les antennes de <strong>MaT\u00e9l\u00e9<\/strong> et de la <strong>RTBF<\/strong>.<\/p>\n<p>L\u2019ARCH a d\u00e9sormais une piste\u2026 et toujours un c\u0153ur immense. Un c\u0153ur tellement grand que le son en est parfois satur\u00e9 \u2764\ufe0f<\/p>\n<p><strong>Images :<\/strong> Lionel Lambert &amp; Louis Colmant<br \/><strong>Montage :<\/strong> Manu Morimont<\/p>\n<p>\ud83c\udfac <a href=\"https:\/\/vimeo.com\/175670210\/c3e87afff0\" target=\"_blank\" rel=\"noopener\"> <strong>Visionner \u00ab Hard Workers \u00bb \u2014 l\u2019histoire d\u2019une piste<\/strong> <\/a><\/p>\n<p>\ud83d\udcc4 <a href=\"http:\/\/www.archathle.eu\/images\/asblarch\/2014\/communiquepressepiste.pdf\" target=\"_blank\" rel=\"noopener\"> <strong>Lire le communiqu\u00e9 de presse complet<\/strong> <\/a><\/p>\n<p>\ud83d\udcfa <a href=\"http:\/\/www.matele.be\/la-piste-d-athletisme-a-ciney-c-est-signe\" target=\"_blank\" rel=\"noopener\"> <strong>Voir le reportage de MaT\u00e9l\u00e9<\/strong> <\/a><\/p>\n<hr \/><!-- ================================================= --><!-- HISTORIQUE --><!-- ================================================= -->\n<h2>\ud83d\udcdc Historique du projet<\/h2>\n<p>Ce projet de piste est le fruit d\u2019un long cheminement, fait de remises en question, de pers\u00e9v\u00e9rance et de convictions partag\u00e9es.<\/p>\n<h3>\ud83d\udd70\ufe0f Les grandes \u00e9tapes<\/h3>\n<ul>\n<li><strong>Novembre 2006<\/strong> \u2014 \u00c9bauche du projet (Nouveau March\u00e9 Couvert de Ciney, pr\u00e8s du stade Tillieux)<\/li>\n<li><strong>Mars 2007<\/strong> \u2014 Abandon de cette implantation<\/li>\n<li><strong>Juillet 2008<\/strong> \u2014 Mise \u00e0 jour du projet sur le site de <strong>Rebompr\u00e9<\/strong><\/li>\n<li><strong>D\u00e9cembre 2009<\/strong> \u2014 Relev\u00e9 altim\u00e9trique du terrain<\/li>\n<li><strong>Novembre 2010<\/strong> \u2014 Achat des terrains compl\u00e9mentaires<\/li>\n<li><strong>Avril 2011<\/strong> \u2014 Pr\u00e9sentation du projet \u00e0 Infrasports<\/li>\n<li><strong>6 mai 2011<\/strong> \u2014 Soutien officiel du Ministre des Sports <strong>Andr\u00e9 Antoine<\/strong><\/li>\n<\/ul>\n<hr \/>\n<h3>\ud83e\udd1d Un soutien politique d\u00e9terminant<\/h3>\n<p><em> \u00ab Lors de l\u2019inauguration du hall sportif de Leignon, le Ministre des Sports Andr\u00e9 Antoine a soutenu officiellement notre projet de piste \u00e0 Ciney. Les autorit\u00e9s locales et r\u00e9gionales ont exprim\u00e9 leur enthousiasme. Alors maintenant, tous ensemble au travail pour faire aboutir notre r\u00eave ! Yes we can have it ! \u00bb <\/em><\/p>\n<hr \/>\n<h3>\ud83d\udcd0 Du projet \u00e0 la r\u00e9alit\u00e9<\/h3>\n<ul>\n<li><strong>Mai 2011<\/strong> \u2014 Rep\u00e9rage pour essais de sol<\/li>\n<li><strong>1er juin 2011<\/strong> \u2014 Cahier des charges \u00ab auteur de projet \u00bb<\/li>\n<li><strong>6 juin 2011<\/strong> \u2014 Approbation et appel d\u2019offres<\/li>\n<li><strong>Ao\u00fbt 2011<\/strong> \u2014 D\u00e9signation du bureau d\u2019architecture <strong>\u00c9querre J2F<\/strong><\/li>\n<li><strong>Septembre 2011<\/strong> \u2014 Essais de sol (SPW)<\/li>\n<\/ul>\n<hr \/>\n<h3>\ud83d\ude80 Le tournant d\u00e9cisif<\/h3>\n<ul>\n<li><strong>Juin 2012<\/strong> \u2014 Le projet devient r\u00e9alit\u00e9<\/li>\n<li><strong>Septembre 2012<\/strong> \u2014 Enqu\u00eate publique et proc\u00e9dure urbanistique<\/li>\n<li><strong>F\u00e9vrier 2013<\/strong> \u2014 Dossier transmis \u00e0 Infrasports<\/li>\n<li><strong>Mars 2013<\/strong> \u2014 Permis d\u2019urbanisme accord\u00e9<\/li>\n<li><strong>22 mai 2014<\/strong> \u2014 <strong>Le subside est officiellement accord\u00e9 \ud83c\udf89<\/strong><\/li>\n<\/ul>\n<p>Cette d\u00e9cision marque un moment historique pour le club : des centaines de jeunes, d\u2019athl\u00e8tes et d\u2019\u00e9coles pourront enfin b\u00e9n\u00e9ficier d\u2019installations dignes de l\u2019athl\u00e9tisme olympique.<\/p>\n<p>\ud83d\udcc4 <a href=\"http:\/\/www.archathle.eu\/images\/asblarch\/2014\/communiquepressepiste.pdf\" target=\"_blank\" rel=\"noopener\"> <strong>Lire le communiqu\u00e9 complet<\/strong> <\/a><\/p>\n<hr \/>\n<h3>\ud83c\udfd7\ufe0f Les travaux<\/h3>\n<ul>\n<li><strong>12 novembre 2014<\/strong> \u2014 Ouverture des offres de soumission<\/li>\n<li><strong>6 mars 2015<\/strong> \u2014 D\u00e9but des travaux de construction<\/li>\n<\/ul>\n<p><em> \u00ab Cette fois-ci, \u00e7a y est ! La piste d\u2019athl\u00e9tisme de Ciney n\u2019est plus le monstre du Loch Ness du Condroz\u2026 \u00bb <\/em><\/p>\n<p>\ud83d\udcfa <a href=\"http:\/\/www.matele.be\/piste-d-athletisme-de-ciney-les-travaux-ont-debute\" target=\"_blank\" rel=\"noopener\"> <strong>Reportage MaT\u00e9l\u00e9 \u2014 d\u00e9but des travaux<\/strong> <\/a><\/p>\n<hr \/>\n<h3>\ud83c\udf89 L\u2019aboutissement<\/h3>\n<p><strong>20 septembre 2016<\/strong> \u2014 Le stade est op\u00e9rationnel. Premier entra\u00eenement du club sur la nouvelle piste.<\/p>\n<p>Un moment charg\u00e9 d\u2019\u00e9motions : joie, nostalgie, effervescence. Un nouveau chapitre commence pour l\u2019ARCH, avec la m\u00eame passion et le m\u00eame c\u0153ur qu\u2019au premier jour.<\/p>\n<p>\ud83d\udcce \u00c0 voir : <a href=\"http:\/\/www.lameuse.be\/1676991\/article\/2016-09-20\/athletisme-le-club-de-l-arch-a-decouvert-sa-nouvelle-piste-photos-video\" target=\"_blank\" rel=\"noopener\">Sud Presse<\/a> \u2022 <a href=\"http:\/\/www.matele.be\/ciney-nouvelle-piste-nouvelles-sensations\" target=\"_blank\" rel=\"noopener\">MaT\u00e9l\u00e9<\/a> \u2022 <a href=\"https:\/\/photos.google.com\/share\/AF1QipMNZp52_oBHMeoowvnsJzEu1K5ypV2a9-gNuV8-C2I9KViiRmgOfZR3Qk3uWrPfNA?key=M1didzZlOGQzY19YNldVQ2xIMHY0OUkxVjJnU0tR\" target=\"_blank\" rel=\"noopener\">Photos Albert DF<\/a> \u2022 <a href=\"https:\/\/www.facebook.com\/Archathle\/photos\/?tab=album&amp;album_id=916681901771329\" target=\"_blank\" rel=\"noopener\">Photos Lionel G<\/a><\/p>\n<p>\ud83c\udfac <a href=\"https:\/\/vimeo.com\/175670210\/c3e87afff0\" target=\"_blank\" rel=\"noopener\"> <strong>Revoir \u00ab Hard Workers \u00bb<\/strong> <\/a><\/p>\t\t\t\t\t\t\t\t<\/div>\n\t\t\t\t<\/div>\n\t\t\t\t\t<\/div>\n\t\t\t\t<\/div>\n\t\t<div class=\"elementor-element elementor-element-b91d3d1 e-flex e-con-boxed e-con e-parent\" data-id=\"b91d3d1\" data-element_type=\"container\" data-e-type=\"container\">\n\t\t\t\t\t<div class=\"e-con-inner\">\n\t\t\t\t<div class=\"elementor-element elementor-element-0cae997 elementor-widget elementor-widget-video\" data-id=\"0cae997\" data-element_type=\"widget\" data-e-type=\"widget\" data-settings=\"{&quot;video_type&quot;:&quot;vimeo&quot;}\" data-widget_type=\"video.default\">\n\t\t\t\t<div class=\"elementor-widget-container\">\n\t\t\t\t\t\t\t<div class=\"elementor-wrapper elementor-open-inline\">\n\t\t\t<iframe class=\"elementor-video-iframe\" allowfullscreen allow=\"clipboard-write\" title=\"Lecteur vid\u00e9o vimeo\" src=\"https:\/\/player.vimeo.com\/video\/175670210?color&amp;autopause=0&amp;loop=0&amp;muted=0&amp;title=1&amp;portrait=1&amp;byline=1#t=\"><\/iframe>\t\t<\/div>\n\t\t\t\t\t\t<\/div>\n\t\t\t\t<\/div>\n\t\t\t\t\t<\/div>\n\t\t\t\t<\/div>\n\t\t\t\t<\/div>\n\t\t","protected":false},"excerpt":{"rendered":"<p>\ud83d\udccd Bient\u00f4t du NOUVEAU ICI\u00a0 O\u00f9 nous trouver Adresse : 17, chemin de Rebompr\u00e95590 Ciney (Plan Google) Acc\u00e8s :Entr\u00e9e via Avenue Schl\u00f6gel (voiture) ou rue Rempart de la Tour (\u00e0 pied \/ v\u00e9lo) . \ud83c\udfdf\ufe0f Nos installations Un r\u00eave de 45 ans devenu r\u00e9alit\u00e9 Le complexe d\u2019athl\u00e9tisme de Rebompr\u00e9 est l\u2019aboutissement de plusieurs d\u00e9cennies de [&hellip;]<\/p>\n","protected":false},"author":1,"featured_media":0,"parent":0,"menu_order":0,"comment_status":"closed","ping_status":"closed","template":"page-full-width.php","meta":{"footnotes":""},"class_list":["post-9038","page","type-page","status-publish","hentry"],"_links":{"self":[{"href":"https:\/\/archathle.eu\/index.php\/wp-json\/wp\/v2\/pages\/9038","targetHints":{"allow":["GET"]}}],"collection":[{"href":"https:\/\/archathle.eu\/index.php\/wp-json\/wp\/v2\/pages"}],"about":[{"href":"https:\/\/archathle.eu\/index.php\/wp-json\/wp\/v2\/types\/page"}],"author":[{"embeddable":true,"href":"https:\/\/archathle.eu\/index.php\/wp-json\/wp\/v2\/users\/1"}],"replies":[{"embeddable":true,"href":"https:\/\/archathle.eu\/index.php\/wp-json\/wp\/v2\/comments?post=9038"}],"version-history":[{"count":107,"href":"https:\/\/archathle.eu\/index.php\/wp-json\/wp\/v2\/pages\/9038\/revisions"}],"predecessor-version":[{"id":11367,"href":"https:\/\/archathle.eu\/index.php\/wp-json\/wp\/v2\/pages\/9038\/revisions\/11367"}],"wp:attachment":[{"href":"https:\/\/archathle.eu\/index.php\/wp-json\/wp\/v2\/media?parent=9038"}],"curies":[{"name":"wp","href":"https:\/\/api.w.org\/{rel}","templated":true}]}}