{"id":9275,"date":"2025-08-26T16:29:51","date_gmt":"2025-08-26T14:29:51","guid":{"rendered":"https:\/\/archathle.ovh\/?page_id=9275"},"modified":"2026-02-21T12:01:46","modified_gmt":"2026-02-21T11:01:46","slug":"corrida-de-ciney","status":"publish","type":"page","link":"https:\/\/archathle.eu\/index.php\/corrida-de-ciney\/","title":{"rendered":"Corrida de Ciney"},"content":{"rendered":"\t\t<div data-elementor-type=\"wp-page\" data-elementor-id=\"9275\" class=\"elementor elementor-9275\">\n\t\t\t\t<div class=\"elementor-element elementor-element-6b441403 e-flex e-con-boxed e-con e-parent\" data-id=\"6b441403\" data-element_type=\"container\" data-e-type=\"container\">\n\t\t\t\t\t<div class=\"e-con-inner\">\n\t\t\t\t<div class=\"elementor-element elementor-element-b8a5d98 elementor-widget elementor-widget-text-editor\" data-id=\"b8a5d98\" data-element_type=\"widget\" data-e-type=\"widget\" data-widget_type=\"text-editor.default\">\n\t\t\t\t<div class=\"elementor-widget-container\">\n\t\t\t\t\t\t\t\t\t<h2><img fetchpriority=\"high\" decoding=\"async\" class=\"wp-image-11192 alignleft\" src=\"https:\/\/archathle.eu\/wp-content\/uploads\/2026\/02\/577028276_1401968525265755_1040038241880960582_n-212x300.jpg\" alt=\"\" width=\"355\" height=\"502\" srcset=\"https:\/\/archathle.eu\/wp-content\/uploads\/2026\/02\/577028276_1401968525265755_1040038241880960582_n-212x300.jpg 212w, https:\/\/archathle.eu\/wp-content\/uploads\/2026\/02\/577028276_1401968525265755_1040038241880960582_n.jpg 509w\" sizes=\"(max-width: 355px) 100vw, 355px\" \/>EDITION 2026 LE SAMEDI 26 DECEMBRE (sous r\u00e9serve)<\/h2>\n<p>\u00a0<\/p>\n<div class=\"x14z9mp xat24cr x1lziwak x1vvkbs xtlvy1s x126k92a\">\n<div>\n<div class=\"x14z9mp xat24cr x1lziwak x1vvkbs xtlvy1s x126k92a\">\u00a0<\/div>\n<div class=\"x14z9mp xat24cr x1lziwak x1vvkbs xtlvy1s x126k92a\">\n<div dir=\"auto\">\u00a0<\/div>\n<\/div>\n<div class=\"x14z9mp xat24cr x1lziwak x1vvkbs xtlvy1s x126k92a\">\u00a0<\/div>\n<div class=\"x14z9mp xat24cr x1lziwak x1vvkbs xtlvy1s x126k92a\">\n<div dir=\"auto\">\u00a0<\/div>\n<div dir=\"auto\">\u00a0<\/div>\n<\/div>\n<div class=\"x14z9mp xat24cr x1lziwak x1vvkbs xtlvy1s x126k92a\">\n<div dir=\"auto\">\u00a0<\/div>\n<\/div>\n<\/div>\n<\/div>\t\t\t\t\t\t\t\t<\/div>\n\t\t\t\t<\/div>\n\t\t\t\t<div class=\"elementor-element elementor-element-4905c040 elementor-widget elementor-widget-text-editor\" data-id=\"4905c040\" data-element_type=\"widget\" data-e-type=\"widget\" data-widget_type=\"text-editor.default\">\n\t\t\t\t<div class=\"elementor-widget-container\">\n\t\t\t\t\t\t\t\t\t<h3 class=\"wp-block-heading\" style=\"text-align: center;\"><span style=\"color: #000080;\">LA CORRIDA DES F\u00c9ERIES DE CINEY 2024<\/span><\/h3>\n<h2 class=\"wp-block-heading\" style=\"text-align: center;\"><span style=\"color: #800000;\">1493 arriv\u00e9es !<\/span><\/h2>\n<p><!-- \/wp:heading --><!-- wp:paragraph --><\/p>\n<p><a href=\"https:\/\/www.acn-timing.com\/?lng=FR#\/events\/2156438654981785\/ctx\/20241227_ciney\/cms\/CAP\"><strong>RESULTATS<\/strong><\/a><\/p>\n<p><!-- \/wp:paragraph --><!-- wp:paragraph --><\/p>\n<p>RECORD DE PARTICIPATION \u00c0 CINEY<img decoding=\"async\" src=\"https:\/\/static.xx.fbcdn.net\/images\/emoji.php\/v9\/tf4\/1\/16\/2728.png\" alt=\"\u2728\" width=\"16\" height=\"16\" \/><\/p>\n<p><!-- \/wp:paragraph --><!-- wp:paragraph --><\/p>\n<p>La Corrida des F\u00e9eries de Ciney a connu un record d&rsquo;affluence. Vous \u00e9tiez 1493 \u00e0 vous \u00e9lancer dans la capitale du Condroz.<\/p>\n<p><!-- \/wp:paragraph --><!-- wp:paragraph --><\/p>\n<p>L&rsquo;ancien record datait de 2018 avec 1311 partants. Le succ\u00e8s populaire est la plus belle des r\u00e9compenses pour cette 35e \u00e9dition.<\/p>\n<p><!-- \/wp:paragraph --><!-- wp:paragraph --><\/p>\n<p>Merci pour votre confiance.<\/p>\n<p><!-- \/wp:paragraph --><!-- wp:paragraph --><\/p>\n<p>Sur le plan sportif, on retiendra :<\/p>\n<p><!-- \/wp:paragraph --><!-- wp:paragraph --><\/p>\n<p><img decoding=\"async\" src=\"https:\/\/static.xx.fbcdn.net\/images\/emoji.php\/v9\/t33\/1\/16\/2705.png\" alt=\"\u2705\" width=\"16\" height=\"16\" \/> Le nouveau record de l&rsquo;\u00e9preuve sur le 5km \u00e9tabli par Roxane Cleppe (16&rsquo;21) qui s&rsquo;impose de mani\u00e8re autoritaire devant Aline Gerardy (18&rsquo;04\u00a0\u00bb) et Fanny Dembour (18&rsquo;21\u00a0\u00bb).<\/p>\n<p><!-- \/wp:paragraph --><!-- wp:paragraph --><\/p>\n<p><img decoding=\"async\" src=\"https:\/\/static.xx.fbcdn.net\/images\/emoji.php\/v9\/t33\/1\/16\/2705.png\" alt=\"\u2705\" width=\"16\" height=\"16\" \/>Le magnifique duel entre <a href=\"https:\/\/www.facebook.com\/clement.labar?__cft__[0]=AZXIWJpYOw3OqE5fbrb99jYTKhmZjls930p904udnC8d0zaiftCHrZqH-d0suEvVybaV0qY3iWMuzYKPpEwVRZ8lQDGLcuc6E3bzMAQPGstYZUnokEwy7hW9Bpi8zcpRLT6Y2DaXzifL4AiYUCMjasTe1PqUaCCAJ4xqjAN_4I3v4g4H6YSX7_aQlCtB0Zlf2Tk&amp;__tn__=-]K-R\">Cl\u00e9ment Labar<\/a> et S\u00e9bastien Fauconnier sur le 5 km. C&rsquo;est finalement le jeune espoir cinacien qui l&rsquo;a emport\u00e9 sur ses terres en battant son record personnel (14&rsquo;20\u00a0\u00bb) devan\u00e7ant de 3 petites secondes l&rsquo;athl\u00e8te du RFCL. Quel spectacle ! Le record de Nicolas Schyns de 2023 n&rsquo;est plus tr\u00e8s loin (14&rsquo;14\u00a0\u00bb). <a href=\"https:\/\/www.facebook.com\/nicolas.houtart?__cft__[0]=AZXIWJpYOw3OqE5fbrb99jYTKhmZjls930p904udnC8d0zaiftCHrZqH-d0suEvVybaV0qY3iWMuzYKPpEwVRZ8lQDGLcuc6E3bzMAQPGstYZUnokEwy7hW9Bpi8zcpRLT6Y2DaXzifL4AiYUCMjasTe1PqUaCCAJ4xqjAN_4I3v4g4H6YSX7_aQlCtB0Zlf2Tk&amp;__tn__=-]K-R\">Nicolas Houtart<\/a> a r\u00e9ussi \u00e0 accrocher le duo pendant plus d&rsquo;un tour avant de le laisser filer. Il monte aussi sur la bo\u00eete (14&rsquo;50\u00a0\u00bb).<\/p>\n<p><!-- \/wp:paragraph --><!-- wp:paragraph --><\/p>\n<p><img decoding=\"async\" src=\"https:\/\/static.xx.fbcdn.net\/images\/emoji.php\/v9\/t33\/1\/16\/2705.png\" alt=\"\u2705\" width=\"16\" height=\"16\" \/> Le vainqueur des 10 km, Patrick Nimubona (RCB) est all\u00e9 inscrire son nom dans l&rsquo;histoire de la Corrida. Il fait partie des 3 athl\u00e8tes depuis 1988 \u00e0 avoir r\u00e9ussi \u00e0 descendre sous les 30 minutes sur le parcours vallonn\u00e9 de Ciney. En 29&rsquo;45\u00a0\u00bb, il r\u00e9alise la deuxi\u00e8me performance de tous les temps derri\u00e8re un certain Ismael Debjani (29&rsquo;35\u00a0\u00bb) et devant Gino Deleux (29&rsquo;57\u00a0\u00bb). Son compatriote Lin Ndayifukamiye (31&rsquo;22) et D&rsquo;aurilio Marvin (31&rsquo;40\u00a0\u00bb) compl\u00e8te le podium juste devant <a href=\"https:\/\/www.facebook.com\/arthur.grandjean.77?__cft__[0]=AZXIWJpYOw3OqE5fbrb99jYTKhmZjls930p904udnC8d0zaiftCHrZqH-d0suEvVybaV0qY3iWMuzYKPpEwVRZ8lQDGLcuc6E3bzMAQPGstYZUnokEwy7hW9Bpi8zcpRLT6Y2DaXzifL4AiYUCMjasTe1PqUaCCAJ4xqjAN_4I3v4g4H6YSX7_aQlCtB0Zlf2Tk&amp;__tn__=-]K-R\">Arthur Grandjean<\/a> (31\u201942) qui entre pour la premi\u00e8re fois dans le TOP 5.<\/p>\n<p><!-- \/wp:paragraph --><!-- wp:paragraph --><\/p>\n<p><img decoding=\"async\" src=\"https:\/\/static.xx.fbcdn.net\/images\/emoji.php\/v9\/t33\/1\/16\/2705.png\" alt=\"\u2705\" width=\"16\" height=\"16\" \/> Chez les dames, <a href=\"https:\/\/www.facebook.com\/elisa.vancolen?__cft__[0]=AZXIWJpYOw3OqE5fbrb99jYTKhmZjls930p904udnC8d0zaiftCHrZqH-d0suEvVybaV0qY3iWMuzYKPpEwVRZ8lQDGLcuc6E3bzMAQPGstYZUnokEwy7hW9Bpi8zcpRLT6Y2DaXzifL4AiYUCMjasTe1PqUaCCAJ4xqjAN_4I3v4g4H6YSX7_aQlCtB0Zlf2Tk&amp;__tn__=-]K-R\">Elisa Vancolen<\/a> \u00e9tait incertaine jusqu&rsquo;\u00e0 la derni\u00e8re minute. Elle fut bien inspir\u00e9e de prendre le d\u00e9part puisqu&rsquo;elle pulv\u00e9rise son record personnel (34&rsquo;57\u00a0\u00bb). C&rsquo;est la troisi\u00e8me performance de tous les temps derri\u00e8re Chlo\u00e9 Herbiet (33&rsquo;38\u00a0\u00bb) et <a href=\"https:\/\/www.facebook.com\/amelie.bihain?__cft__[0]=AZXIWJpYOw3OqE5fbrb99jYTKhmZjls930p904udnC8d0zaiftCHrZqH-d0suEvVybaV0qY3iWMuzYKPpEwVRZ8lQDGLcuc6E3bzMAQPGstYZUnokEwy7hW9Bpi8zcpRLT6Y2DaXzifL4AiYUCMjasTe1PqUaCCAJ4xqjAN_4I3v4g4H6YSX7_aQlCtB0Zlf2Tk&amp;__tn__=-]K-R\">Am\u00e9lie Bihain<\/a> (34&rsquo;24\u00a0\u00bb). La n\u00e9o-Arch\u00e8re Valentine Mathy d\u00e9croche la 2e place (35&rsquo;48\u00a0\u00bb) un petit mois apr\u00e8s son magnifique marathon de Valence. La lutte pour le podium est rest\u00e9e ind\u00e9cise tr\u00e8s longtemps. C&rsquo;est finalement Khadija El Asri qui prend la 3e place (35&rsquo;58\u00a0\u00bb) devant Sophie Delguste (36&rsquo;07\u00a0\u00bb).<\/p>\n<p><!-- \/wp:paragraph --><!-- wp:paragraph --><\/p>\n<p>Et enfin, on f\u00e9licite les 36 \u00e9quipes du relais Think Pink, les 3 jo\u00eblettes et les 176 enfants qui ont particip\u00e9 aux courses d&rsquo;ouverture. C\u2019est la promesse d&rsquo;un bel avenir pour cette \u00e9preuve de l&rsquo;entre-deux f\u00eates.<\/p>\n<p><!-- \/wp:paragraph --><!-- wp:paragraph --><\/p>\n<p>Tous les r\u00e9sultats : <a href=\"https:\/\/l.facebook.com\/l.php?u=https%3A%2F%2Fwww.acn-timing.com%2F%3Flng%3DFR%26fbclid%3DIwZXh0bgNhZW0CMTAAAR3_QBmDG6cQjY2lbEpjrbJI0ivzs7lEqtheBa4K0gsDa94jXhP4LYNPhLo_aem_C85cr7mBnGWzXx6XNAr3mw%23%2Fevents%2F2156438654981785%2Fctx%2F20241227_ciney%2Fcms%2FCAP&amp;h=AT2kimP6lF_sumCfVKEMsZ4Fh0J_0-iZQpFKs3Y4LSyeU9KfNItU0ttMb9waBVAeyt9uPovDSPNLOx1H65cne1mvFF4ya2acT0E2Yr07cO_RCr_lJ7NWwEZ1dqJPCJtRjnHf14HRsvL_jU-AaQ&amp;__tn__=-UK-R&amp;c[0]=AT1VfvNVy8Wqz2vYWBrE_Wpvcl4SIewVOwUEs4nkrq3vJwUuTrYShPDvFHzzETZ-p3n6i3OcnAjmjYcq8EPECWt_mTP3i7Ri4HiowCvtDlr6VoNuT2MoRvtXbblIRuGyDYPmeJRQjWmf0MRlS77kUHDnjt2cGWBTi6aLNxE03iBmPcjmg06jlETdF0pwmbV36F6auvdnhLaBOFkUmClV-FeJlRg\" target=\"_blank\" rel=\"noreferrer noopener\">https:\/\/www.acn-timing.com\/?lng=FR&#8230;<\/a><\/p>\n<p><!-- \/wp:paragraph --><!-- wp:image --><\/p>\n<figure class=\"wp-block-image\"><img decoding=\"async\" src=\"https:\/\/www.archathle.eu\/images\/corrida\/ciney2024\/corrida.jpg\" alt=\"corrida\" \/><\/figure>\n<p><!-- \/wp:image --><\/p>\n<div>\u00a0<\/div>\n<div>\u00a0<\/div>\t\t\t\t\t\t\t\t<\/div>\n\t\t\t\t<\/div>\n\t\t\t\t\t<\/div>\n\t\t\t\t<\/div>\n\t\t\t\t<\/div>\n\t\t","protected":false},"excerpt":{"rendered":"<p>EDITION 2026 LE SAMEDI 26 DECEMBRE (sous r\u00e9serve) \u00a0 \u00a0 \u00a0 \u00a0 \u00a0 \u00a0 \u00a0 LA CORRIDA DES F\u00c9ERIES DE CINEY 2024 1493 arriv\u00e9es ! RESULTATS RECORD DE PARTICIPATION \u00c0 CINEY La Corrida des F\u00e9eries de Ciney a connu un record d&rsquo;affluence. Vous \u00e9tiez 1493 \u00e0 vous \u00e9lancer dans la capitale du Condroz. L&rsquo;ancien record [&hellip;]<\/p>\n","protected":false},"author":1,"featured_media":0,"parent":0,"menu_order":0,"comment_status":"closed","ping_status":"closed","template":"","meta":{"footnotes":""},"class_list":["post-9275","page","type-page","status-publish","hentry"],"_links":{"self":[{"href":"https:\/\/archathle.eu\/index.php\/wp-json\/wp\/v2\/pages\/9275","targetHints":{"allow":["GET"]}}],"collection":[{"href":"https:\/\/archathle.eu\/index.php\/wp-json\/wp\/v2\/pages"}],"about":[{"href":"https:\/\/archathle.eu\/index.php\/wp-json\/wp\/v2\/types\/page"}],"author":[{"embeddable":true,"href":"https:\/\/archathle.eu\/index.php\/wp-json\/wp\/v2\/users\/1"}],"replies":[{"embeddable":true,"href":"https:\/\/archathle.eu\/index.php\/wp-json\/wp\/v2\/comments?post=9275"}],"version-history":[{"count":24,"href":"https:\/\/archathle.eu\/index.php\/wp-json\/wp\/v2\/pages\/9275\/revisions"}],"predecessor-version":[{"id":11256,"href":"https:\/\/archathle.eu\/index.php\/wp-json\/wp\/v2\/pages\/9275\/revisions\/11256"}],"wp:attachment":[{"href":"https:\/\/archathle.eu\/index.php\/wp-json\/wp\/v2\/media?parent=9275"}],"curies":[{"name":"wp","href":"https:\/\/api.w.org\/{rel}","templated":true}]}}